CRAN Package Check Results for Package FlowScreen

Last updated on 2020-10-25 20:47:53 CET.

Flavor Version Tinstall Tcheck Ttotal Status Flags
r-devel-linux-x86_64-debian-clang 1.2.6 5.94 56.37 62.31 OK
r-devel-linux-x86_64-debian-gcc 1.2.6 5.40 41.81 47.21 OK
r-devel-linux-x86_64-fedora-clang 1.2.6 82.09 NOTE
r-devel-linux-x86_64-fedora-gcc 1.2.6 71.33 OK
r-devel-windows-ix86+x86_64 1.2.6 11.00 68.00 79.00 OK
r-patched-linux-x86_64 1.2.6 6.00 52.93 58.93 OK
r-patched-solaris-x86 1.2.6 96.30 OK
r-release-linux-x86_64 1.2.6 7.34 52.75 60.09 OK
r-release-macos-x86_64 1.2.6 OK
r-release-windows-ix86+x86_64 1.2.6 9.00 57.00 66.00 OK
r-oldrel-macos-x86_64 1.2.6 OK
r-oldrel-windows-ix86+x86_64 1.2.6 9.00 49.00 58.00 OK

Check Details

Version: 1.2.6
Check: Rd cross-references
Result: NOTE
    Undeclared package ‘Kendall’ in Rd xrefs
Flavor: r-devel-linux-x86_64-fedora-clang