CRAN Package Check Results for Package FlyingR

Last updated on 2021-09-16 20:51:29 CEST.

Flavor Version Tinstall Tcheck Ttotal Status Flags
r-devel-linux-x86_64-debian-clang 0.2.0 43.70 68.66 112.36 OK
r-devel-linux-x86_64-debian-gcc 0.2.0 26.55 50.56 77.11 OK
r-devel-linux-x86_64-fedora-clang 0.2.0 151.91 NOTE
r-devel-linux-x86_64-fedora-gcc 0.2.0 128.53 NOTE
r-devel-windows-x86_64 0.2.0 41.00 94.00 135.00 OK
r-devel-windows-x86_64-gcc10-UCRT 0.2.0 NOTE
r-patched-linux-x86_64 0.2.0 30.40 63.51 93.91 OK
r-patched-solaris-x86 0.2.0 118.30 NOTE
r-release-linux-x86_64 0.2.0 31.86 63.35 95.21 OK
r-release-macos-arm64 0.2.0 NOTE
r-release-macos-x86_64 0.2.0 NOTE
r-release-windows-ix86+x86_64 0.2.0 94.00 115.00 209.00 OK
r-oldrel-macos-x86_64 0.2.0 NOTE
r-oldrel-windows-ix86+x86_64 0.2.0 69.00 117.00 186.00 OK

Check Details

Version: 0.2.0
Check: dependencies in R code
Result: NOTE
    Namespaces in Imports field not imported from:
     ‘kableExtra’ ‘knitr’ ‘rmarkdown’
     All declared Imports should be used.
Flavors: r-devel-linux-x86_64-fedora-clang, r-devel-linux-x86_64-fedora-gcc, r-devel-windows-x86_64-gcc10-UCRT, r-patched-solaris-x86, r-release-macos-arm64, r-release-macos-x86_64, r-oldrel-macos-x86_64