CRAN Package Check Results for Package ForIT

Last updated on 2020-09-30 21:49:17 CEST.

Flavor Version Tinstall Tcheck Ttotal Status Flags
r-devel-linux-x86_64-debian-clang 1.0 2.14 19.83 21.97 NOTE
r-devel-linux-x86_64-debian-gcc 1.0 1.73 15.82 17.55 NOTE
r-devel-linux-x86_64-fedora-clang 1.0 35.40 NOTE
r-devel-linux-x86_64-fedora-gcc 1.0 27.25 NOTE
r-devel-windows-ix86+x86_64 1.0 4.00 39.00 43.00 NOTE
r-patched-linux-x86_64 1.0 1.94 19.15 21.09 NOTE
r-patched-solaris-x86 1.0 41.40 NOTE
r-release-linux-x86_64 1.0 1.91 19.18 21.09 NOTE
r-release-macos-x86_64 1.0 NOTE
r-release-windows-ix86+x86_64 1.0 4.00 27.00 31.00 NOTE
r-oldrel-macos-x86_64 1.0 NOTE
r-oldrel-windows-ix86+x86_64 1.0 7.00 39.00 46.00 NOTE

Check Details

Version: 1.0
Check: DESCRIPTION meta-information
Result: NOTE
    Malformed Description field: should contain one or more complete sentences.
Flavors: r-devel-linux-x86_64-debian-clang, r-devel-linux-x86_64-debian-gcc, r-devel-linux-x86_64-fedora-clang, r-devel-linux-x86_64-fedora-gcc, r-devel-windows-ix86+x86_64, r-patched-linux-x86_64, r-patched-solaris-x86, r-release-linux-x86_64, r-release-macos-x86_64, r-release-windows-ix86+x86_64, r-oldrel-macos-x86_64, r-oldrel-windows-ix86+x86_64

Version: 1.0
Check: R code for possible problems
Result: NOTE
    INFCvpe: no visible binding for global variable 'INFCstats'
    INFCvpe: no visible binding for global variable 'INFCdomain'
    Undefined global functions or variables:
     INFCdomain INFCstats
Flavors: r-devel-linux-x86_64-debian-clang, r-devel-linux-x86_64-debian-gcc, r-devel-linux-x86_64-fedora-clang, r-devel-linux-x86_64-fedora-gcc, r-devel-windows-ix86+x86_64, r-patched-linux-x86_64, r-patched-solaris-x86, r-release-linux-x86_64, r-release-macos-x86_64, r-release-windows-ix86+x86_64, r-oldrel-macos-x86_64, r-oldrel-windows-ix86+x86_64