CRAN Package Check Results for Package ForImp

Last updated on 2019-07-24 04:46:17 CEST.

Flavor Version Tinstall Tcheck Ttotal Status Flags
r-devel-linux-x86_64-debian-clang 1.0.3 3.60 37.87 41.47 NOTE
r-devel-linux-x86_64-debian-gcc 1.0.3 3.52 30.53 34.05 NOTE
r-devel-linux-x86_64-fedora-clang 1.0.3 48.09 NOTE
r-devel-linux-x86_64-fedora-gcc 1.0.3 46.80 NOTE
r-devel-windows-ix86+x86_64 1.0.3 9.00 84.00 93.00 NOTE
r-patched-linux-x86_64 1.0.3 4.05 37.41 41.46 NOTE
r-patched-solaris-x86 1.0.3 82.00 NOTE
r-release-linux-x86_64 1.0.3 4.08 37.73 41.81 NOTE
r-release-windows-ix86+x86_64 1.0.3 11.00 82.00 93.00 NOTE
r-release-osx-x86_64 1.0.3 WARN
r-oldrel-windows-ix86+x86_64 1.0.3 12.00 53.00 65.00 NOTE
r-oldrel-osx-x86_64 1.0.3 NOTE

Check Details

Version: 1.0.3
Check: DESCRIPTION meta-information
Result: NOTE
    Malformed Description field: should contain one or more complete sentences.
Flavors: r-devel-linux-x86_64-debian-clang, r-devel-linux-x86_64-debian-gcc, r-devel-linux-x86_64-fedora-clang, r-devel-linux-x86_64-fedora-gcc, r-devel-windows-ix86+x86_64, r-patched-linux-x86_64, r-patched-solaris-x86, r-release-linux-x86_64, r-release-windows-ix86+x86_64, r-release-osx-x86_64, r-oldrel-windows-ix86+x86_64, r-oldrel-osx-x86_64

Version: 1.0.3
Check: R code for possible problems
Result: NOTE
    ForImp: no visible global function definition for 'head'
    ForImp: no visible global function definition for 'tail'
    ForImp: no visible global function definition for 'dist'
    medianimp: no visible global function definition for 'quantile'
    rancatmat: no visible global function definition for 'runif'
    transfmatcat: no visible global function definition for 'qnorm'
    transfmatcat: no visible global function definition for 'sd'
    Undefined global functions or variables:
     dist head qnorm quantile runif sd tail
    Consider adding
     importFrom("stats", "dist", "qnorm", "quantile", "runif", "sd")
     importFrom("utils", "head", "tail")
    to your NAMESPACE file.
Flavors: r-devel-linux-x86_64-debian-clang, r-devel-linux-x86_64-debian-gcc, r-devel-linux-x86_64-fedora-clang, r-devel-linux-x86_64-fedora-gcc, r-devel-windows-ix86+x86_64, r-patched-linux-x86_64, r-patched-solaris-x86, r-release-linux-x86_64, r-release-windows-ix86+x86_64, r-release-osx-x86_64, r-oldrel-windows-ix86+x86_64, r-oldrel-osx-x86_64

Version: 1.0.3
Check: whether package can be installed
Result: WARN
    Found the following significant warnings:
     Warning: 'rgl_init' failed, running with rgl.useNULL = TRUE
Flavor: r-release-osx-x86_64