Last updated on 2023-02-09 13:50:44 CET.
Flavor | Version | Tinstall | Tcheck | Ttotal | Status | Flags |
---|---|---|---|---|---|---|
r-devel-linux-x86_64-debian-clang | 1.3.1 | 18.63 | 218.85 | 237.48 | OK | |
r-devel-linux-x86_64-debian-gcc | 1.3.1 | 13.96 | 158.93 | 172.89 | OK | |
r-devel-linux-x86_64-fedora-clang | 1.3.1 | 283.87 | NOTE | |||
r-devel-linux-x86_64-fedora-gcc | 1.3.1 | 276.82 | OK | |||
r-devel-windows-x86_64 | 1.3.1 | 45.00 | 245.00 | 290.00 | OK | |
r-patched-linux-x86_64 | 1.3.1 | 19.27 | 200.70 | 219.97 | OK | |
r-release-linux-x86_64 | 1.3.1 | 12.71 | 199.78 | 212.49 | OK | |
r-release-macos-arm64 | 1.3.1 | 76.00 | OK | |||
r-release-macos-x86_64 | 1.3.1 | 130.00 | OK | |||
r-release-windows-x86_64 | 1.3.1 | 51.00 | 248.00 | 299.00 | OK | |
r-oldrel-macos-arm64 | 1.3.1 | 81.00 | OK | |||
r-oldrel-macos-x86_64 | 1.3.1 | 145.00 | OK | |||
r-oldrel-windows-ix86+x86_64 | 1.3.1 | 34.00 | 236.00 | 270.00 | OK |
Version: 1.3.1
Check: Rd cross-references
Result: NOTE
Undeclared package ‘ForecastCombinations’ in Rd xrefs
Flavor: r-devel-linux-x86_64-fedora-clang