CRAN Package Check Results for Package FourScores

Last updated on 2023-02-02 11:54:00 CET.

Flavor Version Tinstall Tcheck Ttotal Status Flags
r-devel-linux-x86_64-debian-clang 1.5.1 3.00 24.52 27.52 NOTE
r-devel-linux-x86_64-debian-gcc 1.5.1 2.00 18.65 20.65 NOTE
r-devel-linux-x86_64-fedora-clang 1.5.1 36.47 NOTE
r-devel-linux-x86_64-fedora-gcc 1.5.1 32.79 NOTE
r-devel-windows-x86_64 1.5.1 24.00 51.00 75.00 NOTE
r-patched-linux-x86_64 1.5.1 3.20 22.86 26.06 NOTE
r-release-linux-x86_64 1.5.1 2.58 23.24 25.82 NOTE
r-release-macos-arm64 1.5.1 15.00 NOTE
r-release-macos-x86_64 1.5.1 20.00 NOTE
r-release-windows-x86_64 1.5.1 8.00 46.00 54.00 NOTE
r-oldrel-macos-arm64 1.5.1 18.00 NOTE
r-oldrel-macos-x86_64 1.5.1 24.00 NOTE
r-oldrel-windows-ix86+x86_64 1.5.1 6.00 36.00 42.00 NOTE

Check Details

Version: 1.5.1
Check: LazyData
Result: NOTE
     'LazyData' is specified without a 'data' directory
Flavors: r-devel-linux-x86_64-debian-clang, r-devel-linux-x86_64-debian-gcc, r-devel-linux-x86_64-fedora-clang, r-devel-linux-x86_64-fedora-gcc, r-devel-windows-x86_64, r-patched-linux-x86_64, r-release-linux-x86_64, r-release-macos-arm64, r-release-macos-x86_64, r-release-windows-x86_64, r-oldrel-macos-arm64, r-oldrel-macos-x86_64, r-oldrel-windows-ix86+x86_64