CRAN Package Check Results for Package FourWayHMM

Last updated on 2023-09-24 14:57:01 CEST.

Flavor Version Tinstall Tcheck Ttotal Status Flags
r-devel-linux-x86_64-debian-clang 1.0.0 3.08 30.15 33.23 OK
r-devel-linux-x86_64-debian-gcc 1.0.0 3.00 23.06 26.06 OK
r-devel-linux-x86_64-fedora-clang 1.0.0 42.62 NOTE
r-devel-linux-x86_64-fedora-gcc 1.0.0 40.08 NOTE
r-devel-windows-x86_64 1.0.0 6.00 46.00 52.00 OK
r-patched-linux-x86_64 1.0.0 2.59 29.57 32.16 OK
r-release-linux-x86_64 1.0.0 3.43 29.84 33.27 OK
r-release-macos-arm64 1.0.0 20.00 OK
r-release-macos-x86_64 1.0.0 25.00 OK
r-release-windows-x86_64 1.0.0 6.00 48.00 54.00 OK
r-oldrel-macos-arm64 1.0.0 19.00 NOTE
r-oldrel-macos-x86_64 1.0.0 32.00 NOTE
r-oldrel-windows-x86_64 1.0.0 5.00 50.00 55.00 OK

Check Details

Version: 1.0.0
Check: dependencies in R code
Result: NOTE
    Namespace in Imports field not imported from: ‘LaplacesDemon’
     All declared Imports should be used.
Flavors: r-devel-linux-x86_64-fedora-clang, r-devel-linux-x86_64-fedora-gcc, r-oldrel-macos-arm64, r-oldrel-macos-x86_64