CRAN Package Check Results for Package FracKrigingR

Last updated on 2022-06-25 10:53:03 CEST.

Flavor Version Tinstall Tcheck Ttotal Status Flags
r-devel-linux-x86_64-debian-clang 1.0.0 2.34 37.38 39.72 OK
r-devel-linux-x86_64-debian-gcc 1.0.0 1.79 25.62 27.41 OK
r-devel-linux-x86_64-fedora-clang 1.0.0 57.85 NOTE
r-devel-linux-x86_64-fedora-gcc 1.0.0 55.44 NOTE
r-devel-windows-x86_64 1.0.0 15.00 61.00 76.00 OK
r-patched-linux-x86_64 1.0.0 1.59 33.78 35.37 OK
r-release-linux-x86_64 1.0.0 1.83 34.03 35.86 OK
r-release-macos-arm64 1.0.0 19.00 NOTE
r-release-macos-x86_64 1.0.0 24.00 NOTE
r-release-windows-x86_64 1.0.0 18.00 59.00 77.00 OK
r-oldrel-macos-arm64 1.0.0 21.00 NOTE
r-oldrel-macos-x86_64 1.0.0 24.00 NOTE
r-oldrel-windows-ix86+x86_64 1.0.0 5.00 57.00 62.00 OK

Check Details

Version: 1.0.0
Check: dependencies in R code
Result: NOTE
    Namespace in Imports field not imported from: ‘psych’
     All declared Imports should be used.
Flavors: r-devel-linux-x86_64-fedora-clang, r-devel-linux-x86_64-fedora-gcc, r-release-macos-arm64, r-release-macos-x86_64, r-oldrel-macos-arm64, r-oldrel-macos-x86_64