CRAN Package Check Results for Package Fstability

Last updated on 2024-04-17 03:51:11 CEST.

Flavor Version Tinstall Tcheck Ttotal Status Flags
r-devel-linux-x86_64-debian-clang 0.1.2 1.85 20.54 22.39 NOTE
r-devel-linux-x86_64-debian-gcc 0.1.2 1.43 15.60 17.03 NOTE
r-devel-linux-x86_64-fedora-clang 0.1.2 27.82 NOTE
r-devel-linux-x86_64-fedora-gcc 0.1.2 26.57 NOTE
r-prerel-macos-arm64 0.1.2 14.00 NOTE
r-prerel-windows-x86_64 0.1.2 2.00 37.00 39.00 NOTE
r-patched-linux-x86_64 0.1.2 1.94 19.17 21.11 NOTE
r-release-linux-x86_64 0.1.2 1.71 19.66 21.37 NOTE
r-release-macos-arm64 0.1.2 16.00 NOTE
r-release-macos-x86_64 0.1.2 20.00 NOTE
r-release-windows-x86_64 0.1.2 3.00 36.00 39.00 NOTE
r-oldrel-macos-arm64 0.1.2 18.00 NOTE
r-oldrel-windows-x86_64 0.1.2 6.00 43.00 49.00 NOTE

Check Details

Version: 0.1.2
Check: LazyData
Result: NOTE 'LazyData' is specified without a 'data' directory Flavors: r-devel-linux-x86_64-debian-clang, r-devel-linux-x86_64-debian-gcc, r-devel-linux-x86_64-fedora-clang, r-devel-linux-x86_64-fedora-gcc, r-prerel-macos-arm64, r-prerel-windows-x86_64, r-patched-linux-x86_64, r-release-linux-x86_64, r-release-macos-arm64, r-release-macos-x86_64, r-release-windows-x86_64, r-oldrel-macos-arm64, r-oldrel-windows-x86_64