CRAN Package Check Results for Package FunnelPlotR

Last updated on 2020-10-01 03:48:36 CEST.

Flavor Version Tinstall Tcheck Ttotal Status Flags
r-devel-linux-x86_64-debian-clang 0.3.1 6.45 77.74 84.19 OK
r-devel-linux-x86_64-debian-gcc 0.3.1 0.42 2.32 2.74 ERROR
r-devel-linux-x86_64-fedora-clang 0.3.1 108.34 OK
r-devel-linux-x86_64-fedora-gcc 0.3.1 102.22 OK
r-devel-windows-ix86+x86_64 0.3.1 14.00 98.00 112.00 OK
r-patched-linux-x86_64 0.3.1 6.40 71.95 78.35 OK
r-patched-solaris-x86 0.3.1 130.70 OK
r-release-linux-x86_64 0.3.1 5.51 71.37 76.88 OK
r-release-macos-x86_64 0.3.1 OK
r-release-windows-ix86+x86_64 0.3.1 15.00 100.00 115.00 OK
r-oldrel-macos-x86_64 0.3.1 OK
r-oldrel-windows-ix86+x86_64 0.3.1 12.00 98.00 110.00 OK

Check Details

Version: 0.3.1
Check: whether package can be installed
Result: ERROR
    Installation failed.
Flavor: r-devel-linux-x86_64-debian-gcc