CRAN Package Check Results for Package FuzzyAHP

Last updated on 2022-08-18 03:58:20 CEST.

Flavor Version Tinstall Tcheck Ttotal Status Flags
r-devel-linux-x86_64-debian-clang 0.9.5 6.65 40.57 47.22 NOTE
r-devel-linux-x86_64-debian-gcc 0.9.5 NOTE
r-devel-linux-x86_64-fedora-clang 0.9.5 71.42 NOTE
r-devel-linux-x86_64-fedora-gcc 0.9.5 69.52 NOTE
r-devel-windows-x86_64 0.9.5 34.00 80.00 114.00 NOTE
r-patched-linux-x86_64 0.9.5 7.43 38.82 46.25 NOTE
r-release-linux-x86_64 0.9.5 6.42 39.07 45.49 NOTE
r-release-macos-arm64 0.9.5 24.00 NOTE
r-release-macos-x86_64 0.9.5 32.00 NOTE
r-release-windows-x86_64 0.9.5 82.00 79.00 161.00 NOTE
r-oldrel-macos-arm64 0.9.5 25.00 NOTE
r-oldrel-macos-x86_64 0.9.5 43.00 NOTE
r-oldrel-windows-ix86+x86_64 0.9.5 12.00 60.00 72.00 NOTE

Check Details

Version: 0.9.5
Check: LazyData
Result: NOTE
     'LazyData' is specified without a 'data' directory
Flavors: r-devel-linux-x86_64-debian-clang, r-devel-linux-x86_64-debian-gcc, r-devel-linux-x86_64-fedora-clang, r-devel-linux-x86_64-fedora-gcc, r-devel-windows-x86_64, r-patched-linux-x86_64, r-release-linux-x86_64, r-release-macos-arm64, r-release-macos-x86_64, r-release-windows-x86_64, r-oldrel-macos-arm64, r-oldrel-macos-x86_64, r-oldrel-windows-ix86+x86_64