CRAN Package Check Results for Package FuzzyAHP

Last updated on 2022-12-03 16:52:29 CET.

Flavor Version Tinstall Tcheck Ttotal Status Flags
r-devel-linux-x86_64-debian-clang 0.9.5 8.28 38.70 46.98 NOTE
r-devel-linux-x86_64-debian-gcc 0.9.5 6.15 30.27 36.42 NOTE
r-devel-linux-x86_64-fedora-clang 0.9.5 68.72 NOTE
r-devel-linux-x86_64-fedora-gcc 0.9.5 70.72 NOTE
r-devel-windows-x86_64 0.9.5 61.00 79.00 140.00 NOTE
r-patched-linux-x86_64 0.9.5 6.89 35.65 42.54 NOTE
r-release-linux-x86_64 0.9.5 7.56 38.66 46.22 NOTE
r-release-macos-arm64 0.9.5 24.00 NOTE
r-release-macos-x86_64 0.9.5 32.00 NOTE
r-release-windows-x86_64 0.9.5 86.00 82.00 168.00 NOTE
r-oldrel-macos-arm64 0.9.5 25.00 NOTE
r-oldrel-macos-x86_64 0.9.5 43.00 NOTE
r-oldrel-windows-ix86+x86_64 0.9.5 12.00 65.00 77.00 NOTE

Check Details

Version: 0.9.5
Check: LazyData
Result: NOTE
     'LazyData' is specified without a 'data' directory
Flavors: r-devel-linux-x86_64-debian-clang, r-devel-linux-x86_64-debian-gcc, r-devel-linux-x86_64-fedora-clang, r-devel-linux-x86_64-fedora-gcc, r-devel-windows-x86_64, r-patched-linux-x86_64, r-release-linux-x86_64, r-release-macos-arm64, r-release-macos-x86_64, r-release-windows-x86_64, r-oldrel-macos-arm64, r-oldrel-macos-x86_64, r-oldrel-windows-ix86+x86_64