CRAN Package Check Results for Package FuzzyLP

Last updated on 2021-05-06 14:48:43 CEST.

Flavor Version Tinstall Tcheck Ttotal Status Flags
r-devel-linux-x86_64-debian-clang 0.1-6 4.74 44.19 48.93 OK
r-devel-linux-x86_64-debian-gcc 0.1-6 3.55 33.23 36.78 OK
r-devel-linux-x86_64-fedora-clang 0.1-6 69.54 OK
r-devel-linux-x86_64-fedora-gcc 0.1-6 57.30 OK
r-devel-windows-ix86+x86_64 0.1-6 7.00 18.00 25.00 ERROR
r-devel-windows-x86_64-gcc10-UCRT 0.1-6 OK
r-patched-linux-x86_64 0.1-6 4.01 42.19 46.20 OK
r-patched-solaris-x86 0.1-6 81.10 OK
r-release-linux-x86_64 0.1-6 4.65 41.85 46.50 OK
r-release-macos-x86_64 0.1-6 OK
r-release-windows-ix86+x86_64 0.1-6 9.00 44.00 53.00 OK
r-oldrel-macos-x86_64 0.1-6 OK
r-oldrel-windows-ix86+x86_64 0.1-6 8.00 43.00 51.00 OK

Check Details

Version: 0.1-6
Check: whether package can be installed
Result: ERROR
    Installation failed.
Flavor: r-devel-windows-ix86+x86_64