CRAN Package Check Results for Package FuzzyR

Last updated on 2024-02-27 07:54:47 CET.

Flavor Version Tinstall Tcheck Ttotal Status Flags
r-devel-linux-x86_64-debian-clang 2.3.2 9.08 80.37 89.45 NOTE
r-devel-linux-x86_64-debian-gcc 2.3.2 8.29 58.22 66.51 NOTE
r-devel-linux-x86_64-fedora-clang 2.3.2 116.36 NOTE
r-devel-linux-x86_64-fedora-gcc 2.3.2 114.38 NOTE
r-devel-windows-x86_64 2.3.2 9.00 83.00 92.00 OK
r-patched-linux-x86_64 2.3.2 11.26 77.82 89.08 OK
r-release-linux-x86_64 2.3.2 8.02 78.67 86.69 OK
r-release-macos-arm64 2.3.2 31.00 OK
r-release-macos-x86_64 2.3.2 52.00 OK
r-release-windows-x86_64 2.3.2 14.00 96.00 110.00 OK
r-oldrel-macos-arm64 2.3.2 28.00 OK
r-oldrel-windows-x86_64 2.3.2 12.00 93.00 105.00 OK

Check Details

Version: 2.3.2
Check: Rd files
Result: NOTE checkRd: (-1) genmf.Rd:26: Lost braces; missing escapes or markup? 26 | \item 'gbellmf' is c(\code{a, b, c}), where \code{a} denotes the width, \code{b} is usually positive and {c} locates the center of the curve. | ^ Flavors: r-devel-linux-x86_64-debian-clang, r-devel-linux-x86_64-debian-gcc, r-devel-linux-x86_64-fedora-clang, r-devel-linux-x86_64-fedora-gcc