Last updated on 2022-05-25 11:51:05 CEST.
Flavor | Version | Tinstall | Tcheck | Ttotal | Status | Flags |
---|---|---|---|---|---|---|
r-devel-linux-x86_64-debian-clang | 3.9-1 | 20.68 | 205.82 | 226.50 | OK | |
r-devel-linux-x86_64-debian-gcc | 3.9-1 | 16.02 | 154.02 | 170.04 | OK | |
r-devel-linux-x86_64-fedora-clang | 3.9-1 | 279.25 | NOTE | |||
r-devel-linux-x86_64-fedora-gcc | 3.9-1 | 278.32 | NOTE | |||
r-devel-windows-x86_64 | 3.9-1 | 64.00 | 306.00 | 370.00 | OK | |
r-patched-linux-x86_64 | 3.9-1 | 24.07 | 192.48 | 216.55 | OK | |
r-release-linux-x86_64 | 3.9-1 | OK | ||||
r-release-macos-arm64 | 3.9-1 | 70.00 | NOTE | |||
r-release-macos-x86_64 | 3.9-1 | 141.00 | NOTE | |||
r-release-windows-x86_64 | 3.9-1 | 53.00 | 318.00 | 371.00 | OK | |
r-oldrel-macos-arm64 | 3.9-1 | 136.00 | NOTE | |||
r-oldrel-macos-x86_64 | 3.9-1 | 118.00 | NOTE | |||
r-oldrel-windows-ix86+x86_64 | 3.9-1 | 48.00 | 595.00 | 643.00 | OK |
Version: 3.9-1
Check: data for non-ASCII characters
Result: NOTE
Note: found 19 marked UTF-8 strings
Flavors: r-devel-linux-x86_64-fedora-clang, r-devel-linux-x86_64-fedora-gcc, r-release-macos-arm64, r-release-macos-x86_64, r-oldrel-macos-arm64, r-oldrel-macos-x86_64