CRAN Package Check Results for Package GAGAs

Last updated on 2023-05-30 23:09:16 CEST.

Flavor Version Tinstall Tcheck Ttotal Status Flags
r-devel-linux-x86_64-debian-clang 0.6.1 177.73 43.54 221.27 OK
r-devel-linux-x86_64-debian-gcc 0.6.1 140.52 42.49 183.01 OK
r-devel-linux-x86_64-fedora-clang 0.6.1 282.42 OK
r-devel-linux-x86_64-fedora-gcc 0.6.1 349.23 OK
r-devel-windows-x86_64 0.6.1 119.00 96.00 215.00 OK
r-patched-linux-x86_64 0.6.1 160.25 55.77 216.02 OK
r-release-linux-x86_64 0.6.1 156.51 54.29 210.80 OK
r-release-macos-arm64 0.6.1 83.00 NOTE
r-release-macos-x86_64 0.6.1 137.00 NOTE
r-release-windows-x86_64 0.6.1 153.00 104.00 257.00 OK
r-oldrel-macos-arm64 0.6.1 77.00 NOTE
r-oldrel-macos-x86_64 0.6.1 95.00 NOTE
r-oldrel-windows-x86_64 0.6.1 154.00 98.00 252.00 OK

Check Details

Version: 0.6.1
Check: installed package size
Result: NOTE
     installed size is 42.5Mb
     sub-directories of 1Mb or more:
     libs 42.3Mb
Flavors: r-release-macos-arm64, r-release-macos-x86_64, r-oldrel-macos-arm64, r-oldrel-macos-x86_64