CRAN Package Check Results for Package GCD

Last updated on 2021-01-26 22:55:16 CET.

Flavor Version Tinstall Tcheck Ttotal Status Flags
r-devel-linux-x86_64-debian-clang 4.0.7 2.05 30.33 32.38 OK
r-devel-linux-x86_64-debian-gcc 4.0.7 1.62 24.00 25.62 OK
r-devel-linux-x86_64-fedora-clang 4.0.7 49.41 NOTE
r-devel-linux-x86_64-fedora-gcc 4.0.7 39.95 NOTE
r-devel-windows-ix86+x86_64 4.0.7 4.00 52.00 56.00 OK
r-patched-linux-x86_64 4.0.7 1.90 29.71 31.61 OK
r-patched-solaris-x86 4.0.7 61.40 NOTE
r-release-linux-x86_64 4.0.7 1.86 29.65 31.51 OK
r-release-macos-x86_64 4.0.7 NOTE
r-release-windows-ix86+x86_64 4.0.7 5.00 38.00 43.00 OK
r-oldrel-macos-x86_64 4.0.7 NOTE
r-oldrel-windows-ix86+x86_64 4.0.7 3.00 47.00 50.00 OK

Check Details

Version: 4.0.7
Check: dependencies in R code
Result: NOTE
    Namespace in Imports field not imported from: ‘raster’
     All declared Imports should be used.
Flavors: r-devel-linux-x86_64-fedora-clang, r-devel-linux-x86_64-fedora-gcc, r-patched-solaris-x86, r-release-macos-x86_64, r-oldrel-macos-x86_64

Version: 4.0.7
Check: data for non-ASCII characters
Result: NOTE
     Note: found 103 marked UTF-8 strings
Flavors: r-devel-linux-x86_64-fedora-clang, r-devel-linux-x86_64-fedora-gcc, r-patched-solaris-x86, r-release-macos-x86_64, r-oldrel-macos-x86_64