CRAN Package Check Results for Package GCD

Last updated on 2020-06-01 03:51:53 CEST.

Flavor Version Tinstall Tcheck Ttotal Status Flags
r-devel-linux-x86_64-debian-clang 4.0.6 1.99 26.57 28.56 OK
r-devel-linux-x86_64-debian-gcc 4.0.6 1.64 21.42 23.06 OK
r-devel-linux-x86_64-fedora-clang 4.0.6 44.85 NOTE
r-devel-linux-x86_64-fedora-gcc 4.0.6 34.32 NOTE
r-devel-windows-ix86+x86_64 4.0.6 9.00 49.00 58.00 OK
r-patched-linux-x86_64 4.0.6 2.13 26.76 28.89 OK
r-patched-solaris-x86 4.0.6 58.70 NOTE
r-release-linux-x86_64 4.0.6 1.69 26.72 28.41 OK
r-release-osx-x86_64 4.0.6 NOTE
r-release-windows-ix86+x86_64 4.0.6 6.00 57.00 63.00 OK
r-oldrel-osx-x86_64 4.0.6 NOTE
r-oldrel-windows-ix86+x86_64 4.0.6 6.00 41.00 47.00 OK

Check Details

Version: 4.0.6
Check: dependencies in R code
Result: NOTE
    Namespace in Imports field not imported from: ‘raster’
     All declared Imports should be used.
Flavors: r-devel-linux-x86_64-fedora-clang, r-devel-linux-x86_64-fedora-gcc, r-patched-solaris-x86, r-release-osx-x86_64, r-oldrel-osx-x86_64

Version: 4.0.6
Check: data for non-ASCII characters
Result: NOTE
     Note: found 103 marked UTF-8 strings
Flavors: r-devel-linux-x86_64-fedora-clang, r-devel-linux-x86_64-fedora-gcc, r-patched-solaris-x86, r-release-osx-x86_64, r-oldrel-osx-x86_64