CRAN Package Check Results for Package GCD

Last updated on 2019-10-22 05:47:15 CEST.

Flavor Version Tinstall Tcheck Ttotal Status Flags
r-devel-linux-x86_64-debian-clang 4.0.4 1.66 23.23 24.89 OK
r-devel-linux-x86_64-debian-gcc 4.0.4 1.40 18.99 20.39 OK
r-devel-linux-x86_64-fedora-clang 4.0.4 30.88 NOTE
r-devel-linux-x86_64-fedora-gcc 4.0.4 30.76 NOTE
r-devel-windows-ix86+x86_64 4.0.4 7.00 40.00 47.00 OK
r-patched-linux-x86_64 4.0.4 1.45 23.20 24.65 OK
r-patched-solaris-x86 4.0.4 51.10 NOTE
r-release-linux-x86_64 4.0.4 1.44 22.66 24.10 OK
r-release-windows-ix86+x86_64 4.0.4 6.00 38.00 44.00 OK
r-release-osx-x86_64 4.0.4 NOTE
r-oldrel-windows-ix86+x86_64 4.0.4 3.00 29.00 32.00 OK
r-oldrel-osx-x86_64 4.0.4 NOTE

Check Details

Version: 4.0.4
Check: data for non-ASCII characters
Result: NOTE
     Note: found 103 marked UTF-8 strings
Flavors: r-devel-linux-x86_64-fedora-clang, r-devel-linux-x86_64-fedora-gcc, r-patched-solaris-x86, r-release-osx-x86_64, r-oldrel-osx-x86_64