CRAN Package Check Results for Package GCPM

Last updated on 2019-10-23 17:49:58 CEST.

Flavor Version Tinstall Tcheck Ttotal Status Flags
r-devel-linux-x86_64-debian-clang 1.2.2 16.08 42.13 58.21 OK
r-devel-linux-x86_64-debian-gcc 1.2.2 12.56 33.15 45.71 OK
r-devel-linux-x86_64-fedora-clang 1.2.2 73.45 NOTE
r-devel-linux-x86_64-fedora-gcc 1.2.2 71.39 NOTE
r-devel-windows-ix86+x86_64 1.2.2 43.00 86.00 129.00 OK
r-patched-linux-x86_64 1.2.2 14.38 41.41 55.79 OK
r-patched-solaris-x86 1.2.2 105.10 OK
r-release-linux-x86_64 1.2.2 14.50 41.64 56.14 OK
r-release-windows-ix86+x86_64 1.2.2 40.00 109.00 149.00 OK
r-release-osx-x86_64 1.2.2 OK
r-oldrel-windows-ix86+x86_64 1.2.2 38.00 117.00 155.00 OK
r-oldrel-osx-x86_64 1.2.2 OK

Check Details

Version: 1.2.2
Check: compiled code
Result: NOTE
    File ‘GCPM/libs/GCPM.so’:
     Found no calls to: ‘R_registerRoutines’, ‘R_useDynamicSymbols’
    
    It is good practice to register native routines and to disable symbol
    search.
    
    See ‘Writing portable packages’ in the ‘Writing R Extensions’ manual.
Flavors: r-devel-linux-x86_64-fedora-clang, r-devel-linux-x86_64-fedora-gcc