CRAN Package Check Results for Package GDINA

Last updated on 2022-10-07 02:49:54 CEST.

Flavor Version Tinstall Tcheck Ttotal Status Flags
r-devel-linux-x86_64-debian-clang 2.9.3 253.52 133.04 386.56 OK
r-devel-linux-x86_64-debian-gcc 2.9.3 194.97 95.51 290.48 OK
r-devel-linux-x86_64-fedora-clang 2.9.3 551.81 OK
r-devel-linux-x86_64-fedora-gcc 2.9.3 515.14 OK
r-devel-windows-x86_64 2.9.3 234.00 191.00 425.00 OK
r-patched-linux-x86_64 2.9.3 194.77 119.76 314.53 OK
r-release-linux-x86_64 2.9.3 165.45 119.95 285.40 OK
r-release-macos-arm64 2.9.3 100.00 NOTE
r-release-macos-x86_64 2.9.3 152.00 NOTE
r-release-windows-x86_64 2.9.3 219.00 177.00 396.00 OK
r-oldrel-macos-arm64 2.9.3 100.00 NOTE
r-oldrel-macos-x86_64 2.9.3 154.00 NOTE
r-oldrel-windows-ix86+x86_64 2.9.3 601.00 195.00 796.00 OK

Check Details

Version: 2.9.3
Check: installed package size
Result: NOTE
     installed size is 13.7Mb
     sub-directories of 1Mb or more:
     libs 12.7Mb
Flavors: r-release-macos-arm64, r-release-macos-x86_64, r-oldrel-macos-arm64, r-oldrel-macos-x86_64