CRAN Package Check Results for Package GDINA

Last updated on 2018-06-20 11:50:15 CEST.

Flavor Version Tinstall Tcheck Ttotal Status Flags
r-devel-linux-x86_64-debian-clang 2.1.15 159.16 67.70 226.86 OK
r-devel-linux-x86_64-debian-gcc 2.1.15 127.93 52.63 180.56 OK
r-devel-linux-x86_64-fedora-clang 2.1.15 299.14 NOTE
r-devel-linux-x86_64-fedora-gcc 2.1.15 274.66 OK
r-devel-windows-ix86+x86_64 2.1.15 371.00 110.00 481.00 OK
r-patched-linux-x86_64 2.1.15 160.11 64.57 224.68 OK
r-patched-solaris-x86 2.1.15 269.80 OK
r-release-linux-x86_64 2.1.15 158.67 63.38 222.05 OK
r-release-windows-ix86+x86_64 2.1.15 272.00 155.00 427.00 OK
r-release-osx-x86_64 2.1.15 NOTE
r-oldrel-windows-ix86+x86_64 2.1.15 297.00 94.00 391.00 OK
r-oldrel-osx-x86_64 2.1.7 NOTE

Check Details

Version: 2.1.15
Check: installed package size
Result: NOTE
     installed size is 9.9Mb
     sub-directories of 1Mb or more:
     libs 9.2Mb
Flavors: r-devel-linux-x86_64-fedora-clang, r-release-osx-x86_64

Version: 2.1.7
Check: installed package size
Result: NOTE
     installed size is 7.7Mb
     sub-directories of 1Mb or more:
     libs 7.2Mb
Flavor: r-oldrel-osx-x86_64