CRAN Package Check Results for Package GDINA

Last updated on 2018-01-18 10:48:20 CET.

Flavor Version Tinstall Tcheck Ttotal Status Flags
r-devel-linux-x86_64-debian-clang 1.4.2 96.51 53.49 150.00 OK
r-devel-linux-x86_64-debian-gcc 1.4.2 86.69 45.89 132.58 OK
r-devel-linux-x86_64-fedora-clang 1.4.2 227.12 OK
r-devel-linux-x86_64-fedora-gcc 1.4.2 210.24 NOTE
r-devel-windows-ix86+x86_64 1.4.2 311.00 86.00 397.00 OK
r-patched-linux-x86_64 1.4.2 108.71 58.44 167.15 OK
r-patched-solaris-x86 1.4.2 219.20 OK
r-release-linux-x86_64 1.4.2 105.05 58.55 163.60 OK
r-release-windows-ix86+x86_64 1.4.2 226.00 93.00 319.00 OK
r-release-osx-x86_64 1.4.2 OK
r-oldrel-windows-ix86+x86_64 1.4.2 285.00 110.00 395.00 OK
r-oldrel-osx-x86_64 1.4.2 OK

Check Details

Version: 1.4.2
Check: installed package size
Result: NOTE
     installed size is 6.1Mb
     sub-directories of 1Mb or more:
     libs 5.6Mb
Flavor: r-devel-linux-x86_64-fedora-gcc