CRAN Package Check Results for Package GDINA

Last updated on 2017-11-19 01:50:30.

Flavor Version Tinstall Tcheck Ttotal Status Flags
r-devel-linux-x86_64-debian-clang 1.4.2 70.41 36.49 106.90 OK
r-devel-linux-x86_64-debian-gcc 1.4.2 79.72 38.60 118.32 OK
r-devel-linux-x86_64-fedora-clang 1.4.2 218.33 OK
r-devel-linux-x86_64-fedora-gcc 1.4.2 209.67 NOTE
r-devel-windows-ix86+x86_64 1.4.2 287.00 113.00 400.00 OK
r-patched-linux-x86_64 1.4.2 78.65 38.29 116.94 OK
r-patched-solaris-x86 1.4.2 200.80 OK
r-release-linux-x86_64 1.4.2 78.96 37.68 116.64 OK
r-release-windows-ix86+x86_64 1.4.2 307.00 123.00 430.00 OK
r-release-osx-x86_64 1.4.2 OK
r-oldrel-windows-ix86+x86_64 1.4.2 207.00 113.00 320.00 OK
r-oldrel-osx-x86_64 1.4.2 OK

Check Details

Version: 1.4.2
Check: installed package size
Result: NOTE
     installed size is 6.1Mb
     sub-directories of 1Mb or more:
     libs 5.6Mb
Flavor: r-devel-linux-x86_64-fedora-gcc