CRAN Package Check Results for Package GDINA

Last updated on 2018-09-26 06:46:44 CEST.

Flavor Version Tinstall Tcheck Ttotal Status Flags
r-devel-linux-x86_64-debian-clang 2.1.15 163.59 73.35 236.94 OK
r-devel-linux-x86_64-debian-gcc 2.1.15 140.56 56.65 197.21 OK
r-devel-linux-x86_64-fedora-clang 2.1.15 342.76 NOTE
r-devel-linux-x86_64-fedora-gcc 2.1.15 314.95 OK
r-devel-windows-ix86+x86_64 2.1.15 384.00 121.00 505.00 WARN
r-patched-linux-x86_64 2.1.15 170.90 66.65 237.55 OK
r-patched-solaris-x86 2.1.15 270.40 OK
r-release-linux-x86_64 2.1.15 178.41 66.58 244.99 OK
r-release-windows-ix86+x86_64 2.1.15 409.00 117.00 526.00 OK
r-release-osx-x86_64 2.1.15 NOTE
r-oldrel-windows-ix86+x86_64 2.1.15 269.00 101.00 370.00 OK
r-oldrel-osx-x86_64 2.1.15 NOTE

Check Details

Version: 2.1.15
Check: installed package size
Result: NOTE
     installed size is 10.6Mb
     sub-directories of 1Mb or more:
     libs 9.9Mb
Flavors: r-devel-linux-x86_64-fedora-clang, r-release-osx-x86_64, r-oldrel-osx-x86_64

Version: 2.1.15
Check: whether package can be installed
Result: WARN
    Found the following significant warnings:
     Warning: S3 methods '[.fun_list', '[.grouped_df', 'all.equal.tbl_df', 'anti_join.data.frame', 'anti_join.tbl_df', 'arrange.data.frame', 'arrange.default', 'arrange.grouped_df', 'arrange.tbl_df', 'arrange_.data.frame', 'arrange_.tbl_df', 'as.data.frame.grouped_df', 'as.data.frame.rowwise_df', 'as.data.frame.tbl_cube', 'as.data.frame.tbl_df', 'as.table.tbl_cube', 'as.tbl.data.frame', 'as.tbl.tbl', 'as.tbl_cube.array', 'as.tbl_cube.data.frame', 'as.tbl_cube.matrix', 'as.tbl_cube.table', 'as_data_frame.grouped_df', 'as_data_frame.tbl_cube', 'auto_copy.tbl_cube', 'auto_copy.tbl_df', 'cbind.grouped_df', 'collapse.data.frame', 'collect.data.frame', 'common_by.NULL', 'common_by.character', 'common_by.default', 'common_by.list', 'compute.data.frame', 'copy_to.DBIConnection', 'copy_to.src_local', 'default_missing.data.frame', 'default_missing.default', 'dim.tbl_cube', 'distinct.data.frame', 'distinct.default', 'distinct.grouped_df', 'distinct.tbl_df', 'distinct_.data.frame', 'distinct_.grouped_df', 'dist [... truncated]
Flavor: r-devel-windows-ix86+x86_64