CRAN Package Check Results for Package GEEmediate

Last updated on 2021-05-14 11:50:44 CEST.

Flavor Version Tinstall Tcheck Ttotal Status Flags
r-devel-linux-x86_64-debian-clang 1.1.3 2.42 21.26 23.68 NOTE
r-devel-linux-x86_64-debian-gcc 1.1.3 1.85 17.29 19.14 NOTE
r-devel-linux-x86_64-fedora-clang 1.1.3 39.95 NOTE
r-devel-linux-x86_64-fedora-gcc 1.1.3 29.80 NOTE
r-devel-windows-ix86+x86_64 1.1.3 5.00 37.00 42.00 NOTE
r-devel-windows-x86_64-gcc10-UCRT 1.1.3 NOTE
r-patched-linux-x86_64 1.1.3 2.34 21.08 23.42 NOTE
r-patched-solaris-x86 1.1.3 41.70 NOTE
r-release-linux-x86_64 1.1.3 2.23 20.65 22.88 OK
r-release-macos-x86_64 1.1.3 OK
r-release-windows-ix86+x86_64 1.1.3 5.00 35.00 40.00 OK
r-oldrel-macos-x86_64 1.1.3 OK
r-oldrel-windows-ix86+x86_64 1.1.3 4.00 28.00 32.00 OK

Check Details

Version: 1.1.3
Check: LazyData
Result: NOTE
     'LazyData' is specified without a 'data' directory
Flavors: r-devel-linux-x86_64-debian-clang, r-devel-linux-x86_64-debian-gcc, r-devel-linux-x86_64-fedora-clang, r-devel-linux-x86_64-fedora-gcc, r-devel-windows-ix86+x86_64, r-devel-windows-x86_64-gcc10-UCRT, r-patched-linux-x86_64, r-patched-solaris-x86