CRAN Package Check Results for Package GENEAclassify

Last updated on 2023-11-28 19:55:12 CET.

Flavor Version Tinstall Tcheck Ttotal Status Flags
r-devel-linux-x86_64-debian-clang 1.5.4 7.05 49.62 56.67 NOTE
r-devel-linux-x86_64-debian-gcc 1.5.4 5.26 37.65 42.91 NOTE
r-devel-linux-x86_64-fedora-clang 1.5.4 71.87 NOTE
r-devel-linux-x86_64-fedora-gcc 1.5.4 77.10 NOTE
r-devel-windows-x86_64 1.5.4 7.00 65.00 72.00 NOTE
r-patched-linux-x86_64 1.5.4 7.83 47.90 55.73 OK
r-release-linux-x86_64 1.5.4 7.23 47.91 55.14 OK
r-release-macos-arm64 1.5.4 35.00 OK
r-release-macos-x86_64 1.5.4 43.00 OK
r-release-windows-x86_64 1.5.4 9.00 69.00 78.00 OK
r-oldrel-macos-arm64 1.5.4 27.00 OK
r-oldrel-macos-x86_64 1.5.4 36.00 OK
r-oldrel-windows-x86_64 1.5.4 9.00 73.00 82.00 OK

Check Details

Version: 1.5.4
Check: Rd \usage sections
Result: NOTE Documented arguments not in \usage in Rd file 'CirDisp.Rd': ‘x’ Documented arguments not in \usage in Rd file 'CirKurt.Rd': ‘x’ ‘na.rm’ Documented arguments not in \usage in Rd file 'CirSD.Rd': ‘x’ Documented arguments not in \usage in Rd file 'CirSkew.Rd': ‘x’ Documented arguments not in \usage in Rd file 'CirVar.Rd': ‘x’ Documented arguments not in \usage in Rd file 'MeanDir.Rd': ‘x’ Documented arguments not in \usage in Rd file 'impact.Rd': ‘na.rm’ Functions with \usage entries need to have the appropriate \alias entries, and all their arguments documented. The \usage entries must correspond to syntactically valid R code. See chapter ‘Writing R documentation files’ in the ‘Writing R Extensions’ manual. Flavors: r-devel-linux-x86_64-debian-clang, r-devel-linux-x86_64-debian-gcc, r-devel-linux-x86_64-fedora-clang, r-devel-linux-x86_64-fedora-gcc, r-devel-windows-x86_64

Version: 1.5.4
Check: Rd cross-references
Result: NOTE Undeclared package ‘mmap’ in Rd xrefs Flavor: r-devel-linux-x86_64-fedora-clang