CRAN Package Check Results for Package GERGM

Last updated on 2018-08-17 15:53:52 CEST.

Flavor Version Tinstall Tcheck Ttotal Status Flags
r-devel-linux-x86_64-debian-clang 0.13.0 85.49 285.34 370.83 OK
r-devel-linux-x86_64-debian-gcc 0.13.0 74.06 203.70 277.76 OK
r-devel-linux-x86_64-fedora-clang 0.13.0 471.36 NOTE
r-devel-linux-x86_64-fedora-gcc 0.13.0 449.89 OK
r-devel-windows-ix86+x86_64 0.13.0 248.00 415.00 663.00 OK
r-patched-linux-x86_64 0.13.0 87.93 307.14 395.07 OK
r-patched-solaris-x86 0.13.0 795.00 OK
r-release-linux-x86_64 0.13.0 92.46 312.30 404.76 OK
r-release-windows-ix86+x86_64 0.13.0 240.00 418.00 658.00 OK
r-release-osx-x86_64 0.13.0 OK
r-oldrel-windows-ix86+x86_64 0.13.0 192.00 392.00 584.00 OK
r-oldrel-osx-x86_64 0.13.0 OK

Check Details

Version: 0.13.0
Check: installed package size
Result: NOTE
     installed size is 5.1Mb
     sub-directories of 1Mb or more:
     libs 4.0Mb
Flavor: r-devel-linux-x86_64-fedora-clang