CRAN Package Check Results for Package GERGM

Last updated on 2019-01-20 09:47:35 CET.

Flavor Version Tinstall Tcheck Ttotal Status Flags
r-devel-linux-x86_64-debian-clang 0.13.0 86.06 264.84 350.90 OK
r-devel-linux-x86_64-debian-gcc 0.13.0 80.37 194.36 274.73 OK
r-devel-linux-x86_64-fedora-clang 0.13.0 486.85 NOTE
r-devel-linux-x86_64-fedora-gcc 0.13.0 462.47 OK
r-devel-windows-ix86+x86_64 0.13.0 235.00 415.00 650.00 OK
r-patched-linux-x86_64 0.13.0 97.96 255.99 353.95 OK
r-patched-solaris-x86 0.13.0 793.90 OK
r-release-linux-x86_64 0.13.0 89.84 251.55 341.39 OK
r-release-windows-ix86+x86_64 0.13.0 244.00 446.00 690.00 OK
r-release-osx-x86_64 0.13.0 OK
r-oldrel-windows-ix86+x86_64 0.13.0 239.00 433.00 672.00 OK
r-oldrel-osx-x86_64 0.13.0 OK

Check Details

Version: 0.13.0
Check: installed package size
Result: NOTE
     installed size is 5.3Mb
     sub-directories of 1Mb or more:
     libs 4.2Mb
Flavor: r-devel-linux-x86_64-fedora-clang