CRAN Package Check Results for Package GERGM

Last updated on 2018-10-15 19:46:53 CEST.

Flavor Version Tinstall Tcheck Ttotal Status Flags
r-devel-linux-x86_64-debian-clang 0.13.0 94.47 288.54 383.01 OK
r-devel-linux-x86_64-debian-gcc 0.13.0 78.60 203.70 282.30 OK
r-devel-linux-x86_64-fedora-clang 0.13.0 488.94 NOTE
r-devel-linux-x86_64-fedora-gcc 0.13.0 449.88 OK
r-devel-windows-ix86+x86_64 0.13.0 246.00 424.00 670.00 OK
r-patched-linux-x86_64 0.13.0 94.64 243.86 338.50 OK
r-patched-solaris-x86 0.13.0 789.90 OK
r-release-linux-x86_64 0.13.0 87.47 268.68 356.15 OK
r-release-windows-ix86+x86_64 0.13.0 243.00 420.00 663.00 OK
r-release-osx-x86_64 0.13.0 OK
r-oldrel-windows-ix86+x86_64 0.13.0 244.00 438.00 682.00 OK
r-oldrel-osx-x86_64 0.13.0 OK

Check Details

Version: 0.13.0
Check: installed package size
Result: NOTE
     installed size is 5.3Mb
     sub-directories of 1Mb or more:
     libs 4.2Mb
Flavor: r-devel-linux-x86_64-fedora-clang