CRAN Package Check Results for Package GERGM

Last updated on 2017-12-16 05:47:50 CET.

Flavor Version Tinstall Tcheck Ttotal Status Flags
r-devel-linux-x86_64-debian-clang 0.11.2 59.14 370.97 430.11 OK
r-devel-linux-x86_64-debian-gcc 0.11.2 57.23 319.32 376.55 OK
r-devel-linux-x86_64-fedora-clang 0.11.2 516.23 OK
r-devel-linux-x86_64-fedora-gcc 0.11.2 586.23 NOTE
r-devel-windows-ix86+x86_64 0.11.2 138.00 383.00 521.00 OK
r-patched-linux-x86_64 0.11.2 70.30 446.78 517.08 OK
r-patched-solaris-x86 0.11.2 863.90 OK
r-release-linux-x86_64 0.11.2 70.10 448.61 518.71 OK
r-release-windows-ix86+x86_64 0.11.2 138.00 387.00 525.00 OK
r-release-osx-x86_64 0.11.2 OK
r-oldrel-windows-ix86+x86_64 0.11.2 138.00 350.00 488.00 OK
r-oldrel-osx-x86_64 0.11.2 OK

Check Details

Version: 0.11.2
Check: installed package size
Result: NOTE
     installed size is 5.2Mb
     sub-directories of 1Mb or more:
     libs 4.2Mb
Flavor: r-devel-linux-x86_64-fedora-gcc