CRAN Package Check Results for Package GERGM

Last updated on 2017-08-23 03:49:03.

Flavor Version Tinstall Tcheck Ttotal Status Flags
r-devel-linux-x86_64-debian-clang 0.11.2 46.91 223.18 270.09 OK
r-devel-linux-x86_64-debian-gcc 0.11.2 51.32 257.44 308.76 OK
r-devel-linux-x86_64-fedora-clang 0.11.2 645.51 OK
r-devel-linux-x86_64-fedora-gcc 0.11.2 724.72 NOTE
r-devel-windows-ix86+x86_64 0.11.2 138.00 386.00 524.00 OK
r-patched-linux-x86_64 0.11.2 50.64 263.43 314.07 OK
r-patched-solaris-x86 0.11.2 836.80 OK
r-release-linux-x86_64 0.11.2 50.89 260.23 311.12 OK
r-release-windows-ix86+x86_64 0.11.2 136.00 390.00 526.00 OK
r-release-osx-x86_64 0.11.2 OK
r-oldrel-windows-ix86+x86_64 0.11.2 139.00 367.00 506.00 OK
r-oldrel-osx-x86_64 0.11.2 OK

Check Details

Version: 0.11.2
Check: installed package size
Result: NOTE
     installed size is 5.2Mb
     sub-directories of 1Mb or more:
     libs 4.3Mb
Flavor: r-devel-linux-x86_64-fedora-gcc