CRAN Package Check Results for Package GERGM

Last updated on 2017-06-27 04:48:07.

Flavor Version Tinstall Tcheck Ttotal Status Flags
r-devel-linux-x86_64-debian-clang 0.11.2 46.01 223.85 269.86 OK
r-devel-linux-x86_64-debian-gcc 0.11.2 50.42 247.25 297.67 OK
r-devel-linux-x86_64-fedora-clang 0.11.2 650.16 OK
r-devel-linux-x86_64-fedora-gcc 0.11.2 715.59 NOTE
r-devel-windows-ix86+x86_64 0.11.2 184.00 391.00 575.00 OK
r-patched-linux-x86_64 0.11.2 49.85 255.58 305.43 OK
r-patched-solaris-sparc 0.11.2 4558.90 OK
r-patched-solaris-x86 0.11.2 826.30 OK
r-release-linux-x86_64 0.11.2 49.17 253.58 302.76 OK
r-release-windows-ix86+x86_64 0.11.2 157.00 425.00 582.00 OK
r-release-osx-x86_64 0.11.2 OK
r-oldrel-windows-ix86+x86_64 0.11.2 197.00 485.00 682.00 OK
r-oldrel-osx-x86_64 0.11.2 OK

Check Details

Version: 0.11.2
Check: installed package size
Result: NOTE
     installed size is 5.2Mb
     sub-directories of 1Mb or more:
     libs 4.3Mb
Flavor: r-devel-linux-x86_64-fedora-gcc