CRAN Package Check Results for Package GERGM

Last updated on 2019-07-19 12:55:22 CEST.

Flavor Version Tinstall Tcheck Ttotal Status Flags
r-devel-linux-x86_64-debian-clang 0.13.0 92.58 263.69 356.27 OK
r-devel-linux-x86_64-debian-gcc 0.13.0 69.91 249.43 319.34 OK
r-devel-linux-x86_64-fedora-clang 0.13.0 432.63 NOTE
r-devel-linux-x86_64-fedora-gcc 0.13.0 458.04 OK
r-devel-windows-ix86+x86_64 0.13.0 245.00 432.00 677.00 OK
r-patched-linux-x86_64 0.13.0 82.44 314.99 397.43 OK
r-patched-solaris-x86 0.13.0 813.20 OK
r-release-linux-x86_64 0.13.0 80.79 322.17 402.96 OK
r-release-windows-ix86+x86_64 0.13.0 169.00 331.00 500.00 OK
r-release-osx-x86_64 0.13.0 NOTE
r-oldrel-windows-ix86+x86_64 0.13.0 179.00 345.00 524.00 OK
r-oldrel-osx-x86_64 0.13.0 OK

Check Details

Version: 0.13.0
Check: installed package size
Result: NOTE
     installed size is 5.2Mb
     sub-directories of 1Mb or more:
     libs 4.1Mb
Flavors: r-devel-linux-x86_64-fedora-clang, r-release-osx-x86_64