CRAN Package Check Results for Package GERGM

Last updated on 2017-10-17 17:47:57.

Flavor Version Tinstall Tcheck Ttotal Status Flags
r-devel-linux-x86_64-debian-clang 0.11.2 44.65 228.37 273.02 OK
r-devel-linux-x86_64-debian-gcc 0.11.2 51.91 271.86 323.77 OK
r-devel-linux-x86_64-fedora-clang 0.11.2 552.92 OK
r-devel-linux-x86_64-fedora-gcc 0.11.2 636.88 NOTE
r-devel-windows-ix86+x86_64 0.11.2 131.00 388.00 519.00 OK
r-patched-linux-x86_64 0.11.2 50.36 255.88 306.24 OK
r-patched-solaris-x86 0.11.2 858.60 OK
r-release-linux-x86_64 0.11.2 51.29 258.18 309.47 OK
r-release-windows-ix86+x86_64 0.11.2 187.00 514.00 701.00 OK
r-release-osx-x86_64 0.11.2 OK
r-oldrel-windows-ix86+x86_64 0.11.2 178.00 500.00 678.00 OK
r-oldrel-osx-x86_64 0.11.2 OK

Check Details

Version: 0.11.2
Check: installed package size
Result: NOTE
     installed size is 5.1Mb
     sub-directories of 1Mb or more:
     libs 4.2Mb
Flavor: r-devel-linux-x86_64-fedora-gcc