CRAN Package Check Results for Package GERGM

Last updated on 2019-04-23 21:48:23 CEST.

Flavor Version Tinstall Tcheck Ttotal Status Flags
r-devel-linux-x86_64-debian-clang 0.13.0 91.04 268.91 359.95 OK
r-devel-linux-x86_64-debian-gcc 0.13.0 68.22 249.31 317.53 OK
r-devel-linux-x86_64-fedora-clang 0.13.0 489.10 NOTE
r-devel-linux-x86_64-fedora-gcc 0.13.0 535.88 OK
r-devel-windows-ix86+x86_64 0.13.0 236.00 421.00 657.00 OK
r-patched-linux-x86_64 0.13.0 77.69 316.12 393.81 OK
r-patched-solaris-x86 0.13.0 805.70 OK
r-release-linux-x86_64 0.13.0 74.45 324.10 398.55 OK
r-release-windows-ix86+x86_64 0.13.0 175.00 430.00 605.00 OK
r-release-osx-x86_64 0.13.0 OK
r-oldrel-windows-ix86+x86_64 0.13.0 221.00 400.00 621.00 OK
r-oldrel-osx-x86_64 0.13.0 OK

Check Details

Version: 0.13.0
Check: installed package size
Result: NOTE
     installed size is 5.1Mb
     sub-directories of 1Mb or more:
     libs 4.0Mb
Flavor: r-devel-linux-x86_64-fedora-clang