CRAN Package Check Results for Package GERGM

Last updated on 2018-06-23 13:46:33 CEST.

Flavor Version Tinstall Tcheck Ttotal Status Flags
r-devel-linux-x86_64-debian-clang 0.13.0 88.80 292.65 381.45 OK
r-devel-linux-x86_64-debian-gcc 0.13.0 72.55 265.68 338.23 OK
r-devel-linux-x86_64-fedora-clang 0.13.0 493.74 NOTE
r-devel-linux-x86_64-fedora-gcc 0.13.0 536.65 OK
r-devel-windows-ix86+x86_64 0.13.0 175.00 342.00 517.00 OK
r-patched-linux-x86_64 0.13.0 88.09 338.33 426.42 OK
r-patched-solaris-x86 0.13.0 789.60 OK
r-release-linux-x86_64 0.13.0 82.87 345.40 428.27 OK
r-release-windows-ix86+x86_64 0.13.0 173.00 363.00 536.00 OK
r-release-osx-x86_64 0.13.0 OK
r-oldrel-windows-ix86+x86_64 0.13.0 250.00 350.00 600.00 OK
r-oldrel-osx-x86_64 0.13.0 OK

Check Details

Version: 0.13.0
Check: installed package size
Result: NOTE
     installed size is 5.1Mb
     sub-directories of 1Mb or more:
     libs 4.0Mb
Flavor: r-devel-linux-x86_64-fedora-clang