CRAN Package Check Results for Package GFA

Last updated on 2020-01-26 01:47:08 CET.

Flavor Version Tinstall Tcheck Ttotal Status Flags
r-devel-linux-x86_64-debian-clang 1.0.3 4.13 36.99 41.12 OK
r-devel-linux-x86_64-debian-gcc 1.0.3 0.34 1.71 2.05 ERROR
r-devel-linux-x86_64-fedora-clang 1.0.3 48.98 OK
r-devel-linux-x86_64-fedora-gcc 1.0.3 1.49 ERROR
r-devel-windows-ix86+x86_64 1.0.3 12.00 60.00 72.00 OK
r-devel-windows-ix86+x86_64-gcc8 1.0.3 9.00 43.00 52.00 OK
r-patched-linux-x86_64 1.0.3 3.95 32.41 36.36 OK
r-patched-solaris-x86 1.0.3 59.50 OK
r-release-linux-x86_64 1.0.3 3.36 32.28 35.64 OK
r-release-windows-ix86+x86_64 1.0.3 8.00 56.00 64.00 OK
r-release-osx-x86_64 1.0.3 OK
r-oldrel-windows-ix86+x86_64 1.0.3 5.00 36.00 41.00 OK
r-oldrel-osx-x86_64 1.0.3 OK

Check Details

Version: 1.0.3
Check: whether package can be installed
Result: ERROR
    Installation failed.
Flavors: r-devel-linux-x86_64-debian-gcc, r-devel-linux-x86_64-fedora-gcc