CRAN Package Check Results for Package GGClassification

Last updated on 2021-01-17 19:48:26 CET.

Flavor Version Tinstall Tcheck Ttotal Status Flags
r-devel-linux-x86_64-debian-clang 0.1 51.81 24.62 76.43 OK
r-devel-linux-x86_64-debian-gcc 0.1 35.43 20.65 56.08 OK
r-devel-linux-x86_64-fedora-clang 0.1 128.09 NOTE
r-devel-linux-x86_64-fedora-gcc 0.1 101.21 OK
r-devel-windows-ix86+x86_64 0.1 85.00 53.00 138.00 OK
r-patched-linux-x86_64 0.1 40.81 24.74 65.55 OK
r-patched-solaris-x86 0.1 99.40 OK
r-release-linux-x86_64 0.1 40.84 24.53 65.37 OK
r-release-macos-x86_64 0.1 NOTE
r-release-windows-ix86+x86_64 0.1 102.00 63.00 165.00 OK
r-oldrel-macos-x86_64 0.1 NOTE
r-oldrel-windows-ix86+x86_64 0.1 106.00 63.00 169.00 OK

Check Details

Version: 0.1
Check: installed package size
Result: NOTE
     installed size is 8.2Mb
     sub-directories of 1Mb or more:
     libs 8.1Mb
Flavors: r-devel-linux-x86_64-fedora-clang, r-release-macos-x86_64, r-oldrel-macos-x86_64