CRAN Package Check Results for Package GGIR

Last updated on 2020-08-05 06:47:21 CEST.

Flavor Version Tinstall Tcheck Ttotal Status Flags
r-devel-linux-x86_64-debian-clang 2.0-0 51.49 127.14 178.63 OK
r-devel-linux-x86_64-debian-gcc 2.0-0 39.44 92.47 131.91 OK
r-devel-linux-x86_64-fedora-clang 2.0-0 217.83 OK
r-devel-linux-x86_64-fedora-gcc 2.0-0 203.43 OK
r-devel-windows-ix86+x86_64 2.0-0 107.00 169.00 276.00 NOTE
r-patched-linux-x86_64 2.0-0 39.70 123.99 163.69 OK
r-patched-solaris-x86 2.0-0 222.60 OK
r-release-linux-x86_64 2.0-0 41.20 123.67 164.87 OK
r-release-macos-x86_64 2.0-0 OK
r-release-windows-ix86+x86_64 2.0-0 101.00 165.00 266.00 NOTE
r-oldrel-macos-x86_64 2.0-0 OK
r-oldrel-windows-ix86+x86_64 2.0-0 73.00 141.00 214.00 OK

Check Details

Version: 2.0-0
Check: installed package size
Result: NOTE
     installed size is 5.3Mb
     sub-directories of 1Mb or more:
     doc 1.0Mb
     libs 2.0Mb
Flavors: r-devel-windows-ix86+x86_64, r-release-windows-ix86+x86_64