CRAN Package Check Results for Package GGIR

Last updated on 2022-08-13 22:50:00 CEST.

Flavor Version Tinstall Tcheck Ttotal Status Flags
r-devel-linux-x86_64-debian-clang 2.7-1 66.53 206.08 272.61 OK
r-devel-linux-x86_64-debian-gcc 2.7-1 47.54 149.50 197.04 OK
r-devel-linux-x86_64-fedora-clang 2.7-1 349.42 NOTE
r-devel-linux-x86_64-fedora-gcc 2.7-1 341.77 OK
r-devel-windows-x86_64 2.7-1 88.00 263.00 351.00 NOTE
r-patched-linux-x86_64 2.7-1 54.95 197.35 252.30 OK
r-release-linux-x86_64 2.7-1 51.32 195.54 246.86 OK
r-release-macos-arm64 2.7-1 70.00 ERROR
r-release-macos-x86_64 2.7-1 126.00 NOTE
r-release-windows-x86_64 2.7-1 91.00 272.00 363.00 NOTE
r-oldrel-macos-arm64 2.7-1 99.00 ERROR
r-oldrel-macos-x86_64 2.7-1 125.00 NOTE
r-oldrel-windows-ix86+x86_64 2.7-1 129.00 368.00 497.00 NOTE

Check Details

Version: 2.7-1
Check: installed package size
Result: NOTE
     installed size is 7.5Mb
     sub-directories of 1Mb or more:
     doc 3.7Mb
     libs 1.0Mb
Flavors: r-devel-linux-x86_64-fedora-clang, r-devel-windows-x86_64, r-release-macos-arm64, r-release-macos-x86_64, r-release-windows-x86_64, r-oldrel-macos-arm64, r-oldrel-macos-x86_64, r-oldrel-windows-ix86+x86_64

Version: 2.7-1
Check: tests
Result: ERROR
     Running ‘testthat.R’ [15s/15s]
    Running the tests in ‘tests/testthat.R’ failed.
    Last 13 lines of output:
     ── Failure (test_gloadlog.R:46:3): gloadlog is able to load different log formats ──
     logs3$sleeplog$sleeponset not equal to c("23:0:5", "23:0:6", "23:0:7").
     Lengths differ: 2 is not 3
     ── Failure (test_gloadlog.R:47:3): gloadlog is able to load different log formats ──
     nrow(logs3$nonwearlog) not equal to 3.
     1/1 mismatches
     [1] 2 - 3 == -1
     ── Failure (test_gloadlog.R:49:3): gloadlog is able to load different log formats ──
     nrow(logs3$naplog) not equal to 3.
     1/1 mismatches
     [1] 2 - 3 == -1
    
     [ FAIL 11 | WARN 0 | SKIP 13 | PASS 174 ]
     Error: Test failures
     Execution halted
Flavor: r-release-macos-arm64

Version: 2.7-1
Check: tests
Result: ERROR
     Running ‘testthat.R’ [20s/22s]
    Running the tests in ‘tests/testthat.R’ failed.
    Last 13 lines of output:
     ── Failure (test_gloadlog.R:46:3): gloadlog is able to load different log formats ──
     logs3$sleeplog$sleeponset not equal to c("23:0:5", "23:0:6", "23:0:7").
     Lengths differ: 2 is not 3
     ── Failure (test_gloadlog.R:47:3): gloadlog is able to load different log formats ──
     nrow(logs3$nonwearlog) not equal to 3.
     1/1 mismatches
     [1] 2 - 3 == -1
     ── Failure (test_gloadlog.R:49:3): gloadlog is able to load different log formats ──
     nrow(logs3$naplog) not equal to 3.
     1/1 mismatches
     [1] 2 - 3 == -1
    
     [ FAIL 11 | WARN 0 | SKIP 13 | PASS 174 ]
     Error: Test failures
     Execution halted
Flavor: r-oldrel-macos-arm64