CRAN Package Check Results for Package GGMncv

Last updated on 2020-09-30 21:49:18 CEST.

Flavor Version Tinstall Tcheck Ttotal Status Flags
r-devel-linux-x86_64-debian-clang 1.1.0 37.54 60.77 98.31 OK
r-devel-linux-x86_64-debian-gcc 1.1.0 27.37 45.03 72.40 OK
r-devel-linux-x86_64-fedora-clang 1.1.0 131.07 NOTE
r-devel-linux-x86_64-fedora-gcc 1.1.0 124.31 NOTE
r-devel-windows-ix86+x86_64 1.1.0 92.00 116.00 208.00 OK
r-patched-linux-x86_64 1.1.0 33.98 55.29 89.27 OK
r-patched-solaris-x86 1.1.0 139.80 NOTE
r-release-linux-x86_64 1.1.0 36.16 54.99 91.15 OK
r-release-macos-x86_64 1.1.0 NOTE
r-release-windows-ix86+x86_64 1.1.0 86.00 121.00 207.00 OK
r-oldrel-macos-x86_64 1.1.0 ERROR

Check Details

Version: 1.1.0
Check: dependencies in R code
Result: NOTE
    Namespace in Imports field not imported from: ‘Rdpack’
     All declared Imports should be used.
Flavors: r-devel-linux-x86_64-fedora-clang, r-devel-linux-x86_64-fedora-gcc, r-patched-solaris-x86, r-release-macos-x86_64

Version: 1.1.0
Check: whether package can be installed
Result: ERROR
    Installation failed.
Flavor: r-oldrel-macos-x86_64