CRAN Package Check Results for Package GGMncv

Last updated on 2024-02-21 21:49:40 CET.

Flavor Version Tinstall Tcheck Ttotal Status Flags
r-devel-linux-x86_64-debian-clang 2.1.1 NOTE
r-devel-linux-x86_64-debian-gcc 2.1.1 30.48 87.49 117.97 NOTE
r-devel-linux-x86_64-fedora-clang 2.1.1 210.19 NOTE
r-devel-linux-x86_64-fedora-gcc 2.1.1 248.13 NOTE
r-devel-windows-x86_64 2.1.1 34.00 128.00 162.00 NOTE
r-patched-linux-x86_64 2.1.1 37.33 111.93 149.26 NOTE
r-release-linux-x86_64 2.1.1 33.55 112.19 145.74 NOTE
r-release-macos-arm64 2.1.1 87.00 NOTE
r-release-macos-x86_64 2.1.1 121.00 NOTE
r-release-windows-x86_64 2.1.1 44.00 149.00 193.00 NOTE
r-oldrel-macos-arm64 2.1.1 75.00 NOTE
r-oldrel-windows-x86_64 2.1.1 41.00 152.00 193.00 OK

Check Details

Version: 2.1.1
Check: C++ specification
Result: NOTE Specified C++11: please drop specification unless essential Flavors: r-devel-linux-x86_64-debian-clang, r-devel-linux-x86_64-debian-gcc, r-devel-linux-x86_64-fedora-clang, r-devel-linux-x86_64-fedora-gcc, r-devel-windows-x86_64, r-patched-linux-x86_64, r-release-linux-x86_64, r-release-macos-arm64, r-release-macos-x86_64, r-release-windows-x86_64

Version: 2.1.1
Check: Rd files
Result: NOTE checkRd: (-1) boot_eip.Rd:50: Escaped LaTeX specials: \& checkRd: (-1) constrained.Rd:93: Escaped LaTeX specials: \& Flavors: r-devel-linux-x86_64-debian-clang, r-devel-linux-x86_64-debian-gcc, r-devel-linux-x86_64-fedora-clang, r-devel-linux-x86_64-fedora-gcc, r-devel-windows-x86_64, r-patched-linux-x86_64, r-release-linux-x86_64, r-release-macos-arm64, r-release-macos-x86_64, r-release-windows-x86_64

Version: 2.1.1
Check: dependencies in R code
Result: NOTE Namespaces in Imports field not imported from: ‘Rdpack’ ‘mathjaxr’ All declared Imports should be used. Flavors: r-devel-linux-x86_64-fedora-clang, r-devel-linux-x86_64-fedora-gcc, r-oldrel-macos-arm64

Version: 2.1.1
Check: package dependencies
Result: NOTE Packages suggested but not available for checking: 'car', 'NetworkToolbox', 'NetworkComparisonTest' Flavor: r-release-macos-x86_64