CRAN Package Check Results for Package GGUM

Last updated on 2024-02-25 15:51:20 CET.

Flavor Version Tinstall Tcheck Ttotal Status Flags
r-devel-linux-x86_64-debian-clang 0.5 14.90 147.37 162.27 NOTE
r-devel-linux-x86_64-debian-gcc 0.5 12.75 104.37 117.12 NOTE
r-devel-linux-x86_64-fedora-clang 0.5 211.64 NOTE
r-devel-linux-x86_64-fedora-gcc 0.5 205.88 NOTE
r-devel-windows-x86_64 0.5 12.00 107.00 119.00 OK
r-patched-linux-x86_64 0.5 14.69 141.38 156.07 OK
r-release-linux-x86_64 0.5 17.34 141.30 158.64 OK
r-release-macos-arm64 0.5 67.00 OK
r-release-macos-x86_64 0.5 98.00 OK
r-release-windows-x86_64 0.5 17.00 124.00 141.00 OK
r-oldrel-macos-arm64 0.5 71.00 OK
r-oldrel-windows-x86_64 0.5 16.00 129.00 145.00 OK

Check Details

Version: 0.5
Check: Rd files
Result: NOTE checkRd: (-1) MODFIT.Rd:33: Lost braces; missing escapes or markup? 33 | {chisq_i = sum( (O_iz - E_iz)^2 / E_iz; z = 0, ..., C ), } | ^ checkRd: (-1) probs.GGUM.Rd:27: Lost braces; missing escapes or markup? 27 | GUM-based probabilities just constrain alpha to a unit vector of length {I} | ^ Flavors: r-devel-linux-x86_64-debian-clang, r-devel-linux-x86_64-debian-gcc, r-devel-linux-x86_64-fedora-clang, r-devel-linux-x86_64-fedora-gcc