CRAN Package Check Results for Package GGally

Last updated on 2018-02-19 00:47:08 CET.

Flavor Version Tinstall Tcheck Ttotal Status Flags
r-devel-linux-x86_64-debian-clang 1.3.2 9.23 283.54 292.77 OK
r-devel-linux-x86_64-debian-gcc 1.3.2 6.84 252.28 259.12 OK
r-devel-linux-x86_64-fedora-clang 1.3.2 372.05 OK
r-devel-linux-x86_64-fedora-gcc 1.3.2 367.19 OK
r-devel-windows-ix86+x86_64 1.3.2 11.00 307.00 318.00 OK
r-patched-linux-x86_64 1.3.2 4.07 363.79 367.86 OK
r-patched-solaris-x86 1.3.2 413.20 OK
r-release-linux-x86_64 1.3.2 3.13 365.82 368.95 OK
r-release-windows-ix86+x86_64 1.3.2 16.00 444.00 460.00 ERROR
r-release-osx-x86_64 1.3.2 OK
r-oldrel-windows-ix86+x86_64 1.3.2 8.00 409.00 417.00 OK
r-oldrel-osx-x86_64 1.3.2 OK

Check Details

Version: 1.3.2
Check: tests
Result: ERROR
     Running 'testthat.R' [262s]
    Running the tests in 'tests/testthat.R' failed.
    Complete output:
     > library(testthat)
     > library(GGally)
     >
     > test_check("GGally")
     -- 1. Failure: examples (@test-ggnet.R#112) -----------------------------------
     `ggnet(n, segment.label = 1:3)` did not throw an error.
    
     == testthat results ===========================================================
     OK: 735 SKIPPED: 2 FAILED: 1
     1. Failure: examples (@test-ggnet.R#112)
    
     Error: testthat unit tests failed
     Execution halted
Flavor: r-release-windows-ix86+x86_64