CRAN Package Check Results for Package GGally

Last updated on 2019-07-19 03:46:50 CEST.

Flavor Version Tinstall Tcheck Ttotal Status Flags
r-devel-linux-x86_64-debian-clang 1.4.0 9.23 230.41 239.64 OK
r-devel-linux-x86_64-debian-gcc 1.4.0 8.66 172.91 181.57 OK
r-devel-linux-x86_64-fedora-clang 1.4.0 265.04 OK
r-devel-linux-x86_64-fedora-gcc 1.4.0 233.42 ERROR
r-devel-windows-ix86+x86_64 1.4.0 27.00 295.00 322.00 OK
r-patched-linux-x86_64 1.4.0 10.69 223.85 234.54 OK
r-patched-solaris-x86 1.4.0 323.40 OK
r-release-linux-x86_64 1.4.0 11.29 222.27 233.56 OK
r-release-windows-ix86+x86_64 1.4.0 15.00 184.00 199.00 OK
r-release-osx-x86_64 1.4.0 OK
r-oldrel-windows-ix86+x86_64 1.4.0 12.00 192.00 204.00 OK
r-oldrel-osx-x86_64 1.4.0 OK

Check Details

Version: 1.4.0
Check: tests
Result: ERROR
     Running ‘testthat.R’ [71s/80s]
    Running the tests in ‘tests/testthat.R’ failed.
    Complete output:
     > library(testthat)
     > library(GGally)
     Loading required package: ggplot2
     Registered S3 method overwritten by 'GGally':
     method from
     +.gg ggplot2
     >
     > test_check("GGally")
     Error occurred during initialization of VM
     java.lang.StackOverflowError
     at java.lang.Object.<clinit>(java.base/Object.java:43)
Flavor: r-devel-linux-x86_64-fedora-gcc