CRAN Package Check Results for Package GGally

Last updated on 2022-12-08 17:51:41 CET.

Flavor Version Tinstall Tcheck Ttotal Status Flags
r-devel-linux-x86_64-debian-clang 2.1.2 14.45 521.24 535.69 OK
r-devel-linux-x86_64-debian-gcc 2.1.2 13.82 388.90 402.72 OK
r-devel-linux-x86_64-fedora-clang 2.1.2 654.84 NOTE
r-devel-linux-x86_64-fedora-gcc 2.1.2 730.28 OK
r-devel-windows-x86_64 2.1.2 76.00 562.00 638.00 OK
r-patched-linux-x86_64 2.1.2 18.84 476.72 495.56 OK
r-release-linux-x86_64 2.1.2 12.54 471.63 484.17 OK
r-release-macos-arm64 2.1.2 125.00 OK
r-release-macos-x86_64 2.1.2 246.00 NOTE
r-release-windows-x86_64 2.1.2 80.00 521.00 601.00 OK
r-oldrel-macos-arm64 2.1.2 178.00 OK
r-oldrel-macos-x86_64 2.1.2 146.00 OK
r-oldrel-windows-ix86+x86_64 2.1.2 30.00 511.00 541.00 OK

Check Details

Version: 2.1.2
Check: Rd cross-references
Result: NOTE
    Undeclared packages ‘glue’, ‘magrittr’ in Rd xrefs
Flavor: r-devel-linux-x86_64-fedora-clang

Version: 2.1.2
Check: package dependencies
Result: NOTE
    Package suggested but not available for checking: ‘scagnostics’
Flavor: r-release-macos-x86_64