CRAN Package Check Results for Package GHS

Last updated on 2021-12-08 15:50:45 CET.

Flavor Version Tinstall Tcheck Ttotal Status Flags
r-devel-linux-x86_64-debian-clang 0.1 9.45 37.81 47.26 NOTE
r-devel-linux-x86_64-debian-gcc 0.1 6.70 29.07 35.77 NOTE
r-devel-linux-x86_64-fedora-clang 0.1 59.54 NOTE
r-devel-linux-x86_64-fedora-gcc 0.1 48.96 NOTE
r-devel-windows-x86_64-new-UL 0.1 17.00 62.00 79.00 NOTE
r-devel-windows-x86_64-new-TK 0.1 NOTE
r-devel-windows-x86_64-old 0.1 16.00 48.00 64.00 NOTE
r-patched-linux-x86_64 0.1 8.99 36.02 45.01 NOTE
r-release-linux-x86_64 0.1 8.79 36.01 44.80 NOTE
r-release-macos-arm64 0.1 NOTE
r-release-macos-x86_64 0.1 NOTE
r-release-windows-ix86+x86_64 0.1 12.00 44.00 56.00 NOTE
r-oldrel-macos-x86_64 0.1 OK
r-oldrel-windows-ix86+x86_64 0.1 17.00 43.00 60.00 OK

Check Details

Version: 0.1
Check: LazyData
Result: NOTE
     'LazyData' is specified without a 'data' directory
Flavors: r-devel-linux-x86_64-debian-clang, r-devel-linux-x86_64-debian-gcc, r-devel-linux-x86_64-fedora-clang, r-devel-linux-x86_64-fedora-gcc, r-devel-windows-x86_64-new-UL, r-devel-windows-x86_64-new-TK, r-devel-windows-x86_64-old, r-patched-linux-x86_64, r-release-linux-x86_64, r-release-macos-arm64, r-release-macos-x86_64, r-release-windows-ix86+x86_64