CRAN Package Check Results for Package GHS

Last updated on 2022-12-07 06:53:09 CET.

Flavor Version Tinstall Tcheck Ttotal Status Flags
r-devel-linux-x86_64-debian-clang 0.1 11.64 32.49 44.13 NOTE
r-devel-linux-x86_64-debian-gcc 0.1 8.10 23.79 31.89 NOTE
r-devel-linux-x86_64-fedora-clang 0.1 62.55 NOTE
r-devel-linux-x86_64-fedora-gcc 0.1 64.64 NOTE
r-devel-windows-x86_64 0.1 14.00 57.00 71.00 NOTE
r-patched-linux-x86_64 0.1 8.30 29.85 38.15 NOTE
r-release-linux-x86_64 0.1 9.40 30.15 39.55 NOTE
r-release-macos-arm64 0.1 18.00 NOTE
r-release-macos-x86_64 0.1 26.00 NOTE
r-release-windows-x86_64 0.1 13.00 55.00 68.00 NOTE
r-oldrel-macos-arm64 0.1 22.00 NOTE
r-oldrel-macos-x86_64 0.1 38.00 NOTE
r-oldrel-windows-ix86+x86_64 0.1 17.00 52.00 69.00 NOTE

Check Details

Version: 0.1
Check: LazyData
Result: NOTE
     'LazyData' is specified without a 'data' directory
Flavors: r-devel-linux-x86_64-debian-clang, r-devel-linux-x86_64-debian-gcc, r-devel-linux-x86_64-fedora-clang, r-devel-linux-x86_64-fedora-gcc, r-devel-windows-x86_64, r-patched-linux-x86_64, r-release-linux-x86_64, r-release-macos-arm64, r-release-macos-x86_64, r-release-windows-x86_64, r-oldrel-macos-arm64, r-oldrel-macos-x86_64, r-oldrel-windows-ix86+x86_64