Last updated on 2023-05-28 16:57:50 CEST.
Flavor | Version | Tinstall | Tcheck | Ttotal | Status | Flags |
---|---|---|---|---|---|---|
r-devel-linux-x86_64-debian-clang | 1.0.0 | 16.49 | 189.78 | 206.27 | OK | |
r-devel-linux-x86_64-debian-gcc | 1.0.0 | 14.46 | 142.83 | 157.29 | OK | |
r-devel-linux-x86_64-fedora-clang | 1.0.0 | 251.67 | NOTE | |||
r-devel-linux-x86_64-fedora-gcc | 1.0.0 | 275.64 | OK | |||
r-devel-windows-x86_64 | 1.0.0 | 17.00 | 162.00 | 179.00 | NOTE | |
r-patched-linux-x86_64 | 1.0.0 | 13.93 | 178.90 | 192.83 | OK | |
r-release-linux-x86_64 | 1.0.0 | 14.31 | 177.06 | 191.37 | OK | |
r-release-macos-arm64 | 1.0.0 | 236.00 | NOTE | |||
r-release-macos-x86_64 | 1.0.0 | 251.00 | NOTE | |||
r-release-windows-x86_64 | 1.0.0 | 21.00 | 198.00 | 219.00 | NOTE | |
r-oldrel-macos-arm64 | 1.0.0 | 220.00 | NOTE | |||
r-oldrel-macos-x86_64 | 1.0.0 | 269.00 | NOTE | |||
r-oldrel-windows-x86_64 | 1.0.0 | 22.00 | 198.00 | 220.00 | NOTE |
Version: 1.0.0
Check: installed package size
Result: NOTE
installed size is 5.9Mb
sub-directories of 1Mb or more:
doc 3.3Mb
help 2.5Mb
Flavors: r-devel-linux-x86_64-fedora-clang, r-devel-windows-x86_64, r-release-macos-arm64, r-release-macos-x86_64, r-release-windows-x86_64, r-oldrel-macos-arm64, r-oldrel-macos-x86_64, r-oldrel-windows-x86_64