CRAN Package Check Results for Package GLDEX

Last updated on 2019-01-20 09:47:36 CET.

Flavor Version Tinstall Tcheck Ttotal Status Flags
r-devel-linux-x86_64-debian-clang 2.0.0.5 10.93 55.29 66.22 OK
r-devel-linux-x86_64-debian-gcc 2.0.0.5 8.38 42.40 50.78 OK
r-devel-linux-x86_64-fedora-clang 2.0.0.5 75.36 NOTE
r-devel-linux-x86_64-fedora-gcc 2.0.0.5 70.97 NOTE
r-devel-windows-ix86+x86_64 2.0.0.5 22.00 82.00 104.00 OK
r-patched-linux-x86_64 2.0.0.5 9.78 51.59 61.37 OK
r-patched-solaris-x86 2.0.0.5 101.60 OK
r-release-linux-x86_64 2.0.0.5 10.72 51.82 62.54 OK
r-release-windows-ix86+x86_64 2.0.0.5 15.00 99.00 114.00 OK
r-release-osx-x86_64 2.0.0.5 OK
r-oldrel-windows-ix86+x86_64 2.0.0.5 19.00 78.00 97.00 OK
r-oldrel-osx-x86_64 2.0.0.5 OK

Check Details

Version: 2.0.0.5
Check: compiled code
Result: NOTE
    File ‘GLDEX/libs/GLDEX.so’:
     Found no calls to: ‘R_registerRoutines’, ‘R_useDynamicSymbols’
    
    It is good practice to register native routines and to disable symbol
    search.
    
    See ‘Writing portable packages’ in the ‘Writing R Extensions’ manual.
Flavors: r-devel-linux-x86_64-fedora-clang, r-devel-linux-x86_64-fedora-gcc