CRAN Package Check Results for Package GLDEX

Last updated on 2018-10-15 12:50:30 CEST.

Flavor Version Tinstall Tcheck Ttotal Status Flags
r-devel-linux-x86_64-debian-clang 2.0.0.5 10.45 52.76 63.21 OK
r-devel-linux-x86_64-debian-gcc 2.0.0.5 7.92 41.15 49.07 OK
r-devel-linux-x86_64-fedora-clang 2.0.0.5 73.71 NOTE
r-devel-linux-x86_64-fedora-gcc 2.0.0.5 75.38 NOTE
r-devel-windows-ix86+x86_64 2.0.0.5 22.00 106.00 128.00 OK
r-patched-linux-x86_64 2.0.0.5 9.88 51.59 61.47 OK
r-patched-solaris-x86 2.0.0.5 102.30 OK
r-release-linux-x86_64 2.0.0.5 10.32 51.60 61.92 OK
r-release-windows-ix86+x86_64 2.0.0.5 22.00 98.00 120.00 OK
r-release-osx-x86_64 2.0.0.5 OK
r-oldrel-windows-ix86+x86_64 2.0.0.5 15.00 80.00 95.00 OK
r-oldrel-osx-x86_64 2.0.0.5 OK

Check Details

Version: 2.0.0.5
Check: compiled code
Result: NOTE
    File ‘GLDEX/libs/GLDEX.so’:
     Found no calls to: ‘R_registerRoutines’, ‘R_useDynamicSymbols’
    
    It is good practice to register native routines and to disable symbol
    search.
    
    See ‘Writing portable packages’ in the ‘Writing R Extensions’ manual.
Flavors: r-devel-linux-x86_64-fedora-clang, r-devel-linux-x86_64-fedora-gcc