CRAN Package Check Results for Package GLMpack

Last updated on 2020-06-04 03:49:19 CEST.

Flavor Version Tinstall Tcheck Ttotal Status Flags
r-devel-linux-x86_64-debian-clang 0.1.0 2.52 35.35 37.87 OK
r-devel-linux-x86_64-debian-gcc 0.1.0 1.92 27.29 29.21 OK
r-devel-linux-x86_64-fedora-clang 0.1.0 53.33 NOTE
r-devel-linux-x86_64-fedora-gcc 0.1.0 45.92 NOTE
r-devel-windows-ix86+x86_64 0.1.0 37.00 51.00 88.00 OK
r-patched-linux-x86_64 0.1.0 2.40 34.36 36.76 OK
r-patched-solaris-x86 0.1.0 66.80 NOTE
r-release-linux-x86_64 0.1.0 2.51 34.80 37.31 OK
r-release-osx-x86_64 0.1.0 NOTE
r-release-windows-ix86+x86_64 0.1.0 9.00 53.00 62.00 OK
r-oldrel-osx-x86_64 0.1.0 NOTE
r-oldrel-windows-ix86+x86_64 0.1.0 9.00 53.00 62.00 OK

Check Details

Version: 0.1.0
Check: dependencies in R code
Result: NOTE
    Namespaces in Imports field not imported from:
     ‘AER’ ‘MASS’ ‘Matrix’ ‘censReg’ ‘effects’ ‘foreign’ ‘lme4’ ‘lmtest’
     ‘nnet’ ‘pBrackets’ ‘plm’ ‘pscl’ ‘sandwich’
     All declared Imports should be used.
Flavors: r-devel-linux-x86_64-fedora-clang, r-devel-linux-x86_64-fedora-gcc, r-patched-solaris-x86, r-release-osx-x86_64, r-oldrel-osx-x86_64