CRAN Package Check Results for Package GLMpack

Last updated on 2019-11-21 05:47:47 CET.

Flavor Version Tinstall Tcheck Ttotal Status Flags
r-devel-linux-x86_64-debian-clang 0.1.0 2.29 32.94 35.23 OK
r-devel-linux-x86_64-debian-gcc 0.1.0 1.93 26.45 28.38 OK
r-devel-linux-x86_64-fedora-clang 0.1.0 41.60 NOTE
r-devel-linux-x86_64-fedora-gcc 0.1.0 44.68 NOTE
r-devel-windows-ix86+x86_64 0.1.0 13.00 50.00 63.00 OK
r-devel-windows-ix86+x86_64-gcc8 0.1.0 15.00 48.00 63.00 OK
r-patched-linux-x86_64 0.1.0 1.92 31.32 33.24 OK
r-patched-solaris-x86 0.1.0 63.30 NOTE
r-release-linux-x86_64 0.1.0 1.87 32.07 33.94 OK
r-release-windows-ix86+x86_64 0.1.0 12.00 81.00 93.00 OK
r-release-osx-x86_64 0.1.0 NOTE
r-oldrel-windows-ix86+x86_64 0.1.0 3.00 62.00 65.00 OK
r-oldrel-osx-x86_64 0.1.0 NOTE

Check Details

Version: 0.1.0
Check: dependencies in R code
Result: NOTE
    Namespaces in Imports field not imported from:
     ‘AER’ ‘MASS’ ‘Matrix’ ‘censReg’ ‘effects’ ‘foreign’ ‘lme4’ ‘lmtest’
     ‘nnet’ ‘pBrackets’ ‘plm’ ‘pscl’ ‘sandwich’
     All declared Imports should be used.
Flavors: r-devel-linux-x86_64-fedora-clang, r-devel-linux-x86_64-fedora-gcc, r-patched-solaris-x86, r-release-osx-x86_64, r-oldrel-osx-x86_64