Last updated on 2022-07-07 01:50:32 CEST.
Flavor | Version | Tinstall | Tcheck | Ttotal | Status | Flags |
---|---|---|---|---|---|---|
r-devel-linux-x86_64-debian-clang | 1.4 | 38.52 | 207.18 | 245.70 | OK | |
r-devel-linux-x86_64-debian-gcc | 1.4 | 29.51 | 144.87 | 174.38 | OK | |
r-devel-linux-x86_64-fedora-clang | 1.4 | 308.04 | OK | |||
r-devel-linux-x86_64-fedora-gcc | 1.4 | 303.79 | OK | |||
r-devel-windows-x86_64 | 1.4 | 60.00 | 338.00 | 398.00 | OK | |
r-patched-linux-x86_64 | 1.4 | 31.41 | 196.29 | 227.70 | OK | |
r-release-linux-x86_64 | 1.4 | 33.77 | 196.10 | 229.87 | OK | |
r-release-macos-arm64 | 1.4 | 85.00 | OK | |||
r-release-macos-x86_64 | 1.4 | 120.00 | OK | |||
r-release-windows-x86_64 | 1.4 | 62.00 | 344.00 | 406.00 | OK | |
r-oldrel-macos-arm64 | 1.4 | 94.00 | NOTE | |||
r-oldrel-macos-x86_64 | 1.4 | 181.00 | OK | |||
r-oldrel-windows-ix86+x86_64 | 1.4 | 87.00 | 411.00 | 498.00 | OK |
Version: 1.4
Check: installed package size
Result: NOTE
installed size is 5.2Mb
sub-directories of 1Mb or more:
data 1.2Mb
doc 1.1Mb
libs 2.5Mb
Flavor: r-oldrel-macos-arm64