Last updated on 2023-05-28 05:52:08 CEST.
Flavor | Version | Tinstall | Tcheck | Ttotal | Status | Flags |
---|---|---|---|---|---|---|
r-devel-linux-x86_64-debian-clang | 1.8 | 14.91 | 120.43 | 135.34 | OK | |
r-devel-linux-x86_64-debian-gcc | 1.8 | 10.46 | 89.82 | 100.28 | OK | |
r-devel-linux-x86_64-fedora-clang | 1.8 | 172.40 | NOTE | |||
r-devel-linux-x86_64-fedora-gcc | 1.8 | 175.40 | OK | |||
r-devel-windows-x86_64 | 1.8 | 12.00 | 101.00 | 113.00 | OK | |
r-patched-linux-x86_64 | 1.8 | 9.88 | 111.85 | 121.73 | OK | |
r-release-linux-x86_64 | 1.8 | 14.85 | 112.06 | 126.91 | OK | |
r-release-macos-arm64 | 1.8 | 48.00 | OK | |||
r-release-macos-x86_64 | 1.8 | 82.00 | NOTE | |||
r-release-windows-x86_64 | 1.8 | 18.00 | 122.00 | 140.00 | OK | |
r-oldrel-macos-arm64 | 1.8 | 45.00 | OK | |||
r-oldrel-macos-x86_64 | 1.8 | 68.00 | OK | |||
r-oldrel-windows-x86_64 | 1.8 | 18.00 | 126.00 | 144.00 | OK |
Version: 1.8
Check: Rd cross-references
Result: NOTE
Undeclared package ‘caret’ in Rd xrefs
Flavor: r-devel-linux-x86_64-fedora-clang
Version: 1.8
Check: Rd cross-references
Result: NOTE
Package unavailable to check Rd xrefs: ‘caret’
Flavor: r-release-macos-x86_64