CRAN Package Check Results for Package GMDH2

Last updated on 2022-10-02 18:50:49 CEST.

Flavor Version Tinstall Tcheck Ttotal Status Flags
r-devel-linux-x86_64-debian-clang 1.7 14.68 126.96 141.64 OK
r-devel-linux-x86_64-debian-gcc 1.7 12.43 92.24 104.67 OK
r-devel-linux-x86_64-fedora-clang 1.7 182.04 NOTE
r-devel-linux-x86_64-fedora-gcc 1.7 172.56 OK
r-devel-windows-x86_64 1.7 16.00 142.00 158.00 OK
r-patched-linux-x86_64 1.7 13.36 117.63 130.99 OK
r-release-linux-x86_64 1.7 14.43 118.31 132.74 OK
r-release-macos-arm64 1.7 45.00 OK
r-release-macos-x86_64 1.7 66.00 OK
r-release-windows-x86_64 1.7 15.00 164.00 179.00 OK
r-oldrel-macos-arm64 1.7 47.00 OK
r-oldrel-macos-x86_64 1.7 67.00 OK
r-oldrel-windows-ix86+x86_64 1.7 32.00 142.00 174.00 OK

Check Details

Version: 1.7
Check: Rd cross-references
Result: NOTE
    Undeclared package ‘caret’ in Rd xrefs
Flavor: r-devel-linux-x86_64-fedora-clang