Last updated on 2023-12-06 00:58:14 CET.
Flavor | Version | Tinstall | Tcheck | Ttotal | Status | Flags |
---|---|---|---|---|---|---|
r-devel-linux-x86_64-debian-clang | 0.2.2 | 3.24 | 39.05 | 42.29 | NOTE | |
r-devel-linux-x86_64-debian-gcc | 0.2.2 | 3.18 | 29.82 | 33.00 | NOTE | |
r-devel-linux-x86_64-fedora-clang | 0.2.2 | 54.44 | NOTE | |||
r-devel-linux-x86_64-fedora-gcc | 0.2.2 | 64.23 | NOTE | |||
r-devel-windows-x86_64 | 0.2.2 | 5.00 | 56.00 | 61.00 | NOTE | |
r-patched-linux-x86_64 | 0.2.2 | 3.71 | 37.70 | 41.41 | OK | |
r-release-linux-x86_64 | 0.2.2 | 3.66 | 36.69 | 40.35 | OK | |
r-release-macos-arm64 | 0.2.2 | 26.00 | OK | |||
r-release-macos-x86_64 | 0.2.2 | 41.00 | OK | |||
r-release-windows-x86_64 | 0.2.2 | 5.00 | 58.00 | 63.00 | OK | |
r-oldrel-macos-arm64 | 0.2.2 | 22.00 | OK | |||
r-oldrel-macos-x86_64 | 0.2.2 | 27.00 | OK | |||
r-oldrel-windows-x86_64 | 0.2.2 | 7.00 | 57.00 | 64.00 | OK |
Version: 0.2.2
Check: Rd \usage sections
Result: NOTE
Documented arguments not in \usage in Rd file 'fun.svd_1.Rd':
‘X’
Documented arguments not in \usage in Rd file 'fun.svd_2.Rd':
‘X’
Documented arguments not in \usage in Rd file 'fun.svd_3.Rd':
‘X’
Functions with \usage entries need to have the appropriate \alias
entries, and all their arguments documented.
The \usage entries must correspond to syntactically valid R code.
See chapter ‘Writing R documentation files’ in the ‘Writing R
Extensions’ manual.
Flavors: r-devel-linux-x86_64-debian-clang, r-devel-linux-x86_64-debian-gcc, r-devel-linux-x86_64-fedora-clang, r-devel-linux-x86_64-fedora-gcc, r-devel-windows-x86_64