CRAN Package Check Results for Package GMMAT

Last updated on 2022-11-29 00:50:48 CET.

Flavor Version Tinstall Tcheck Ttotal Status Flags
r-devel-linux-x86_64-debian-clang 1.3.2 79.83 544.52 624.35 OK
r-devel-linux-x86_64-debian-gcc 1.3.2 75.83 403.92 479.75 OK
r-devel-linux-x86_64-fedora-clang 1.3.2 794.39 OK
r-devel-linux-x86_64-fedora-gcc 1.3.2 784.65 OK
r-devel-windows-x86_64 1.3.2 102.00 604.00 706.00 NOTE
r-patched-linux-x86_64 1.3.2 84.11 528.56 612.67 OK
r-release-linux-x86_64 1.3.2 77.44 539.89 617.33 OK
r-release-macos-arm64 1.3.2 5.00 ERROR
r-release-macos-x86_64 1.3.2 475.00 NOTE
r-release-windows-x86_64 1.3.2 133.00 595.00 728.00 NOTE
r-oldrel-macos-arm64 1.3.2 497.00 NOTE
r-oldrel-macos-x86_64 1.3.2 440.00 NOTE
r-oldrel-windows-ix86+x86_64 1.3.2 198.00 708.00 906.00 NOTE

Check Details

Version: 1.3.2
Check: package dependencies
Result: NOTE
    Package suggested but not available for checking: 'doMC'
Flavors: r-devel-windows-x86_64, r-release-windows-x86_64, r-oldrel-windows-ix86+x86_64

Version: 1.3.2
Check: package dependencies
Result: ERROR
    Package required but not available: ‘SeqArray’
    
    See section ‘The DESCRIPTION file’ in the ‘Writing R Extensions’
    manual.
Flavor: r-release-macos-arm64

Version: 1.3.2
Check: installed package size
Result: NOTE
     installed size is 8.2Mb
     sub-directories of 1Mb or more:
     libs 6.3Mb
Flavors: r-release-macos-x86_64, r-oldrel-macos-arm64, r-oldrel-macos-x86_64