CRAN Package Check Results for Package GNRS

Last updated on 2024-02-22 08:54:09 CET.

Flavor Version Tinstall Tcheck Ttotal Status Flags
r-devel-linux-x86_64-debian-clang 0.3.4 OK
r-devel-linux-x86_64-debian-gcc 0.3.4 4.54 41.40 45.94 OK
r-devel-linux-x86_64-fedora-clang 0.3.4 73.08 NOTE
r-devel-linux-x86_64-fedora-gcc 0.3.4 79.75 NOTE
r-devel-windows-x86_64 0.3.4 4.00 77.00 81.00 OK
r-patched-linux-x86_64 0.3.4 5.88 51.91 57.79 OK
r-release-linux-x86_64 0.3.4 6.27 52.13 58.40 OK
r-release-macos-arm64 0.3.4 62.00 OK
r-release-macos-x86_64 0.3.4 73.00 OK
r-release-windows-x86_64 0.3.4 5.00 83.00 88.00 OK
r-oldrel-macos-arm64 0.3.4 59.00 NOTE
r-oldrel-windows-x86_64 0.3.4 6.00 91.00 97.00 OK

Check Details

Version: 0.3.4
Check: data for non-ASCII characters
Result: NOTE Note: found 3 marked UTF-8 strings Flavors: r-devel-linux-x86_64-fedora-clang, r-devel-linux-x86_64-fedora-gcc, r-oldrel-macos-arm64