CRAN Package Check Results for Package GOFShiny

Last updated on 2020-05-26 08:49:20 CEST.

Flavor Version Tinstall Tcheck Ttotal Status Flags
r-devel-linux-x86_64-debian-clang 0.1.0 1.80 17.95 19.75 OK
r-devel-linux-x86_64-debian-gcc 0.1.0 1.49 14.52 16.01 OK
r-devel-linux-x86_64-fedora-clang 0.1.0 25.39 NOTE
r-devel-linux-x86_64-fedora-gcc 0.1.0 23.84 NOTE
r-devel-windows-ix86+x86_64 0.1.0 11.00 37.00 48.00 OK
r-patched-linux-x86_64 0.1.0 1.88 18.38 20.26 OK
r-patched-solaris-x86 0.1.0 36.80 NOTE
r-release-linux-x86_64 0.1.0 1.82 18.06 19.88 OK
r-release-osx-x86_64 0.1.0 NOTE
r-release-windows-ix86+x86_64 0.1.0 6.00 44.00 50.00 OK
r-oldrel-osx-x86_64 0.1.0 NOTE
r-oldrel-windows-ix86+x86_64 0.1.0 5.00 41.00 46.00 OK

Check Details

Version: 0.1.0
Check: dependencies in R code
Result: NOTE
    Namespaces in Imports field not imported from:
     ‘rhandsontable’ ‘shiny’ ‘stats’
     All declared Imports should be used.
Flavors: r-devel-linux-x86_64-fedora-clang, r-devel-linux-x86_64-fedora-gcc, r-patched-solaris-x86, r-release-osx-x86_64, r-oldrel-osx-x86_64