CRAN Package Check Results for Package GOFShiny

Last updated on 2019-10-20 08:47:18 CEST.

Flavor Version Tinstall Tcheck Ttotal Status Flags
r-devel-linux-x86_64-debian-clang 0.1.0 1.69 16.31 18.00 OK
r-devel-linux-x86_64-debian-gcc 0.1.0 1.44 13.36 14.80 OK
r-devel-linux-x86_64-fedora-clang 0.1.0 22.57 NOTE
r-devel-linux-x86_64-fedora-gcc 0.1.0 21.97 NOTE
r-devel-windows-ix86+x86_64 0.1.0 6.00 41.00 47.00 OK
r-patched-linux-x86_64 0.1.0 1.35 15.95 17.30 OK
r-patched-solaris-x86 0.1.0 36.00 NOTE
r-release-linux-x86_64 0.1.0 1.35 15.87 17.22 OK
r-release-windows-ix86+x86_64 0.1.0 7.00 30.00 37.00 OK
r-release-osx-x86_64 0.1.0 NOTE
r-oldrel-windows-ix86+x86_64 0.1.0 3.00 26.00 29.00 OK
r-oldrel-osx-x86_64 0.1.0 NOTE

Check Details

Version: 0.1.0
Check: dependencies in R code
Result: NOTE
    Namespaces in Imports field not imported from:
     ‘rhandsontable’ ‘shiny’ ‘stats’
     All declared Imports should be used.
Flavors: r-devel-linux-x86_64-fedora-clang, r-devel-linux-x86_64-fedora-gcc, r-patched-solaris-x86, r-release-osx-x86_64, r-oldrel-osx-x86_64