CRAN Package Check Results for Package GPArotation

Last updated on 2019-05-25 22:51:04 CEST.

Flavor Version Tinstall Tcheck Ttotal Status Flags
r-devel-linux-x86_64-debian-clang 2014.11-1 2.18 185.23 187.41 NOTE
r-devel-linux-x86_64-debian-gcc 2014.11-1 1.92 147.71 149.63 NOTE
r-devel-linux-x86_64-fedora-clang 2014.11-1 224.84 NOTE
r-devel-linux-x86_64-fedora-gcc 2014.11-1 219.20 NOTE
r-devel-windows-ix86+x86_64 2014.11-1 7.00 72.00 79.00 NOTE
r-patched-linux-x86_64 2014.11-1 NOTE
r-patched-solaris-x86 2014.11-1 68.70 NOTE
r-release-linux-x86_64 2014.11-1 1.96 190.14 192.10 NOTE
r-release-windows-ix86+x86_64 2014.11-1 7.00 75.00 82.00 NOTE
r-release-osx-x86_64 2014.11-1 NOTE
r-oldrel-windows-ix86+x86_64 2014.11-1 3.00 45.00 48.00 NOTE
r-oldrel-osx-x86_64 2014.11-1 NOTE

Check Details

Version: 2014.11-1
Check: R code for possible problems
Result: NOTE
    Random.Start: no visible global function definition for 'rnorm'
    Undefined global functions or variables:
     rnorm
    Consider adding
     importFrom("stats", "rnorm")
    to your NAMESPACE file.
Flavors: r-devel-linux-x86_64-debian-clang, r-devel-linux-x86_64-debian-gcc, r-devel-linux-x86_64-fedora-clang, r-devel-linux-x86_64-fedora-gcc, r-devel-windows-ix86+x86_64, r-patched-linux-x86_64, r-patched-solaris-x86, r-release-linux-x86_64, r-release-windows-ix86+x86_64, r-release-osx-x86_64, r-oldrel-windows-ix86+x86_64, r-oldrel-osx-x86_64