CRAN Package Check Results for Package GPArotation

Last updated on 2019-03-20 12:46:34 CET.

Flavor Version Tinstall Tcheck Ttotal Status Flags
r-devel-linux-x86_64-debian-clang 2014.11-1 2.13 185.20 187.33 NOTE
r-devel-linux-x86_64-debian-gcc 2014.11-1 1.80 140.08 141.88 NOTE
r-devel-linux-x86_64-fedora-clang 2014.11-1 222.94 NOTE
r-devel-linux-x86_64-fedora-gcc 2014.11-1 210.66 NOTE
r-devel-windows-ix86+x86_64 2014.11-1 7.00 66.00 73.00 NOTE
r-patched-linux-x86_64 2014.11-1 1.42 178.09 179.51 NOTE
r-patched-solaris-x86 2014.11-1 63.20 NOTE
r-release-linux-x86_64 2014.11-1 1.61 181.53 183.14 NOTE
r-release-windows-ix86+x86_64 2014.11-1 3.00 45.00 48.00 NOTE
r-release-osx-x86_64 2014.11-1 NOTE
r-oldrel-windows-ix86+x86_64 2014.11-1 3.00 47.00 50.00 NOTE
r-oldrel-osx-x86_64 2014.11-1 NOTE

Check Details

Version: 2014.11-1
Check: R code for possible problems
Result: NOTE
    Random.Start: no visible global function definition for 'rnorm'
    Undefined global functions or variables:
     rnorm
    Consider adding
     importFrom("stats", "rnorm")
    to your NAMESPACE file.
Flavors: r-devel-linux-x86_64-debian-clang, r-devel-linux-x86_64-debian-gcc, r-devel-linux-x86_64-fedora-clang, r-devel-linux-x86_64-fedora-gcc, r-devel-windows-ix86+x86_64, r-patched-linux-x86_64, r-patched-solaris-x86, r-release-linux-x86_64, r-release-windows-ix86+x86_64, r-release-osx-x86_64, r-oldrel-windows-ix86+x86_64, r-oldrel-osx-x86_64