Last updated on 2022-08-12 08:52:06 CEST.
Flavor | Version | Tinstall | Tcheck | Ttotal | Status | Flags |
---|---|---|---|---|---|---|
r-devel-linux-x86_64-debian-clang | 0.1-6 | 67.76 | 253.52 | 321.28 | NOTE | |
r-devel-linux-x86_64-debian-gcc | 0.1-6 | 48.44 | 171.32 | 219.76 | NOTE | |
r-devel-linux-x86_64-fedora-clang | 0.1-6 | 405.85 | NOTE | |||
r-devel-linux-x86_64-fedora-gcc | 0.1-6 | 391.16 | NOTE | |||
r-devel-windows-x86_64 | 0.1-6 | 61.00 | 236.00 | 297.00 | OK | |
r-patched-linux-x86_64 | 0.1-6 | 63.30 | 225.96 | 289.26 | NOTE | |
r-release-linux-x86_64 | 0.1-6 | 42.11 | 222.75 | 264.86 | NOTE | |
r-release-macos-arm64 | 0.1-6 | 93.00 | OK | |||
r-release-macos-x86_64 | 0.1-6 | 128.00 | OK | |||
r-release-windows-x86_64 | 0.1-6 | 62.00 | 227.00 | 289.00 | OK | |
r-oldrel-macos-arm64 | 0.1-6 | 96.00 | OK | |||
r-oldrel-macos-x86_64 | 0.1-6 | 132.00 | OK | |||
r-oldrel-windows-ix86+x86_64 | 0.1-6 | 140.00 | 341.00 | 481.00 | OK |
Version: 0.1-6
Check: package dependencies
Result: NOTE
Package suggested but not available for checking: 'gvcm.cat'
Flavors: r-devel-linux-x86_64-debian-clang, r-devel-linux-x86_64-debian-gcc, r-devel-linux-x86_64-fedora-clang, r-devel-linux-x86_64-fedora-gcc, r-patched-linux-x86_64, r-release-linux-x86_64
Version: 0.1-6
Check: Rd cross-references
Result: NOTE
Unknown package 'gvcm.cat' in Rd xrefs
Flavors: r-devel-linux-x86_64-debian-clang, r-devel-linux-x86_64-debian-gcc, r-devel-linux-x86_64-fedora-clang, r-devel-linux-x86_64-fedora-gcc, r-patched-linux-x86_64, r-release-linux-x86_64