CRAN Package Check Results for Package GPGame

Last updated on 2020-11-27 00:48:51 CET.

Flavor Version Tinstall Tcheck Ttotal Status Flags
r-devel-linux-x86_64-debian-clang 1.1.0 44.38 88.13 132.51 OK
r-devel-linux-x86_64-debian-gcc 1.1.0 50.70 71.24 121.94 OK
r-devel-linux-x86_64-fedora-clang 1.1.0 180.99 OK
r-devel-linux-x86_64-fedora-gcc 1.1.0 160.19 OK
r-devel-windows-ix86+x86_64 1.1.0 99.00 153.00 252.00 OK
r-patched-linux-x86_64 1.1.0 59.47 81.67 141.14 OK
r-patched-solaris-x86 1.1.0 198.50 OK
r-release-linux-x86_64 1.1.0 58.51 82.05 140.56 OK
r-release-macos-x86_64 1.1.0 OK
r-release-windows-ix86+x86_64 1.1.0 100.00 118.00 218.00 OK
r-oldrel-macos-x86_64 1.1.0 WARN
r-oldrel-windows-ix86+x86_64 1.1.0 91.00 143.00 234.00 OK

Check Details

Version: 1.1.0
Check: whether package can be installed
Result: WARN
    Found the following significant warnings:
     Warning: 'rgl_init' failed, running with rgl.useNULL = TRUE
Flavor: r-oldrel-macos-x86_64