CRAN Package Check Results for Package GPLTR

Last updated on 2020-09-18 18:47:27 CEST.

Flavor Version Tinstall Tcheck Ttotal Status Flags
r-devel-linux-x86_64-debian-clang 1.2 4.52 259.43 263.95 NOTE
r-devel-linux-x86_64-debian-gcc 1.2 3.01 187.08 190.09 NOTE
r-devel-linux-x86_64-fedora-clang 1.2 307.87 NOTE
r-devel-linux-x86_64-fedora-gcc 1.2 338.49 NOTE
r-devel-windows-ix86+x86_64 1.2 7.00 253.00 260.00 NOTE
r-patched-linux-x86_64 1.2 3.94 260.76 264.70 NOTE
r-patched-solaris-x86 1.2 399.50 NOTE
r-release-linux-x86_64 1.2 3.67 261.24 264.91 NOTE
r-release-macos-x86_64 1.2 NOTE
r-release-windows-ix86+x86_64 1.2 7.00 239.00 246.00 NOTE
r-oldrel-macos-x86_64 1.2 NOTE
r-oldrel-windows-ix86+x86_64 1.2 5.00 306.00 311.00 NOTE

Check Details

Version: 1.2
Check: R code for possible problems
Result: NOTE
    .VARIMPPERM: no visible global function definition for 'predict'
    .logistic.eval: no visible global function definition for 'glm'
    .logistic.eval: no visible binding for global variable 'binomial'
    .logistic.split: no visible global function definition for 'glm'
    .logistic.split: no visible binding for global variable 'binomial'
    .logistic.split: no visible global function definition for 'runif'
    bagging.pltr : <anonymous>: no visible global function definition for
     'predict.glm'
    best.tree.BIC.AIC : <anonymous>: no visible global function definition
     for 'as.formula'
    best.tree.BIC.AIC : <anonymous>: no visible global function definition
     for 'glm'
    best.tree.BIC.AIC : <anonymous>: no visible global function definition
     for 'deviance'
    best.tree.BIC.AIC: no visible global function definition for 'glm'
    best.tree.BIC.AIC: no visible global function definition for
     'as.formula'
    best.tree.BIC.AIC: no visible global function definition for 'deviance'
    best.tree.CV: no visible global function definition for 'glm'
    best.tree.CV: no visible global function definition for 'as.formula'
    best.tree.CV: no visible global function definition for 'predict.glm'
    best.tree.CV : <anonymous>: no visible global function definition for
     'predict.glm'
    best.tree.bootstrap: no visible global function definition for 'glm'
    best.tree.bootstrap: no visible global function definition for
     'as.formula'
    best.tree.bootstrap : <anonymous>: no visible global function
     definition for 'rnorm'
    best.tree.permute: no visible global function definition for 'glm'
    best.tree.permute: no visible global function definition for
     'as.formula'
    nested.trees: no visible global function definition for 'glm'
    nested.trees: no visible global function definition for 'as.formula'
    nested.trees: no visible global function definition for 'deviance'
    p.val.tree: no visible global function definition for 'glm'
    p.val.tree: no visible global function definition for 'as.formula'
    p.val.tree : <anonymous>: no visible global function definition for
     'rnorm'
    p.val.tree: no visible binding for global variable 'var'
    p.val.tree: no visible global function definition for 'pchisq'
    pltr.glm: no visible global function definition for 'glm'
    pltr.glm: no visible global function definition for 'as.formula'
    predict_bagg.pltr : <anonymous>: no visible global function definition
     for 'predict.glm'
    predict_pltr: no visible global function definition for 'predict.glm'
    tree2glm: no visible global function definition for 'as.formula'
    tree2glm: no visible global function definition for 'glm'
    Undefined global functions or variables:
     as.formula binomial deviance glm pchisq predict predict.glm rnorm
     runif var
    Consider adding
     importFrom("stats", "as.formula", "binomial", "deviance", "glm",
     "pchisq", "predict", "predict.glm", "rnorm", "runif", "var")
    to your NAMESPACE file.
Flavors: r-devel-linux-x86_64-debian-clang, r-devel-linux-x86_64-debian-gcc, r-devel-linux-x86_64-fedora-clang, r-devel-linux-x86_64-fedora-gcc, r-devel-windows-ix86+x86_64, r-patched-linux-x86_64, r-patched-solaris-x86, r-release-linux-x86_64, r-release-macos-x86_64, r-release-windows-ix86+x86_64, r-oldrel-macos-x86_64, r-oldrel-windows-ix86+x86_64