Last updated on 2023-03-24 22:55:12 CET.
Flavor | Version | Tinstall | Tcheck | Ttotal | Status | Flags |
---|---|---|---|---|---|---|
r-devel-linux-x86_64-debian-clang | 0.1.1 | 12.97 | 123.15 | 136.12 | NOTE | |
r-devel-linux-x86_64-debian-gcc | 0.1.1 | 10.08 | 88.68 | 98.76 | NOTE | |
r-devel-linux-x86_64-fedora-clang | 0.1.1 | 165.84 | NOTE | |||
r-devel-linux-x86_64-fedora-gcc | 0.1.1 | 154.84 | NOTE | |||
r-devel-windows-x86_64 | 0.1.1 | 16.00 | 137.00 | 153.00 | NOTE | |
r-patched-linux-x86_64 | 0.1.1 | 9.47 | 111.34 | 120.81 | NOTE | |
r-release-linux-x86_64 | 0.1.1 | 13.39 | 111.25 | 124.64 | NOTE | |
r-release-macos-arm64 | 0.1.1 | 43.00 | NOTE | |||
r-release-macos-x86_64 | 0.1.1 | 85.00 | NOTE | |||
r-release-windows-x86_64 | 0.1.1 | 34.00 | 142.00 | 176.00 | NOTE | |
r-oldrel-macos-arm64 | 0.1.1 | 48.00 | NOTE | |||
r-oldrel-macos-x86_64 | 0.1.1 | 85.00 | NOTE | |||
r-oldrel-windows-ix86+x86_64 | 0.1.1 | 30.00 | 134.00 | 164.00 | NOTE |
Version: 0.1.1
Check: LazyData
Result: NOTE
'LazyData' is specified without a 'data' directory
Flavors: r-devel-linux-x86_64-debian-clang, r-devel-linux-x86_64-debian-gcc, r-devel-linux-x86_64-fedora-clang, r-devel-linux-x86_64-fedora-gcc, r-devel-windows-x86_64, r-patched-linux-x86_64, r-release-linux-x86_64, r-release-macos-arm64, r-release-macos-x86_64, r-release-windows-x86_64, r-oldrel-macos-arm64, r-oldrel-macos-x86_64, r-oldrel-windows-ix86+x86_64