Last updated on 2023-12-11 12:52:12 CET.
Flavor | Version | Tinstall | Tcheck | Ttotal | Status | Flags |
---|---|---|---|---|---|---|
r-devel-linux-x86_64-debian-clang | 1.4 | 9.19 | 774.31 | 783.50 | OK | |
r-devel-linux-x86_64-debian-gcc | 1.4 | 7.72 | 529.54 | 537.26 | OK | |
r-devel-linux-x86_64-fedora-clang | 1.4 | 942.87 | NOTE | |||
r-devel-linux-x86_64-fedora-gcc | 1.4 | 972.50 | OK | |||
r-devel-windows-x86_64 | 1.4 | 10.00 | 133.00 | 143.00 | NOTE | --no-vignettes |
r-patched-linux-x86_64 | 1.4 | 9.41 | 741.89 | 751.30 | OK | |
r-release-linux-x86_64 | 1.4 | 7.42 | 731.03 | 738.45 | OK | |
r-release-macos-arm64 | 1.4 | 212.00 | NOTE | |||
r-release-macos-x86_64 | 1.4 | 551.00 | NOTE | |||
r-release-windows-x86_64 | 1.4 | 14.00 | 146.00 | 160.00 | NOTE | --no-vignettes |
r-oldrel-macos-arm64 | 1.4 | 205.00 | NOTE | |||
r-oldrel-macos-x86_64 | 1.4 | 242.00 | NOTE | |||
r-oldrel-windows-x86_64 | 1.4 | 13.00 | 160.00 | 173.00 | NOTE | --no-vignettes |
Version: 1.4
Check: installed package size
Result: NOTE
installed size is 5.3Mb
sub-directories of 1Mb or more:
data 1.4Mb
doc 3.5Mb
Flavors: r-devel-linux-x86_64-fedora-clang, r-release-macos-arm64, r-release-macos-x86_64, r-oldrel-macos-arm64, r-oldrel-macos-x86_64
Version: 1.4
Flags: --no-vignettes
Check: installed package size
Result: NOTE
installed size is 5.2Mb
sub-directories of 1Mb or more:
data 1.4Mb
doc 3.5Mb
Flavors: r-devel-windows-x86_64, r-release-windows-x86_64, r-oldrel-windows-x86_64