Last updated on 2023-02-02 12:59:17 CET.
Flavor | Version | Tinstall | Tcheck | Ttotal | Status | Flags |
---|---|---|---|---|---|---|
r-devel-linux-x86_64-debian-clang | 0.1.1 | 1.56 | 22.31 | 23.87 | NOTE | |
r-devel-linux-x86_64-debian-gcc | 0.1.1 | 1.78 | 17.47 | 19.25 | NOTE | |
r-devel-linux-x86_64-fedora-clang | 0.1.1 | 31.77 | NOTE | |||
r-devel-linux-x86_64-fedora-gcc | 0.1.1 | 30.37 | NOTE | |||
r-devel-windows-x86_64 | 0.1.1 | 26.00 | 53.00 | 79.00 | NOTE | |
r-patched-linux-x86_64 | 0.1.1 | 2.24 | 22.80 | 25.04 | NOTE | |
r-release-linux-x86_64 | 0.1.1 | 1.53 | 22.63 | 24.16 | NOTE | |
r-release-macos-arm64 | 0.1.1 | 16.00 | NOTE | |||
r-release-macos-x86_64 | 0.1.1 | 19.00 | NOTE | |||
r-release-windows-x86_64 | 0.1.1 | 6.00 | 45.00 | 51.00 | NOTE | |
r-oldrel-macos-arm64 | 0.1.1 | 17.00 | NOTE | |||
r-oldrel-macos-x86_64 | 0.1.1 | 25.00 | NOTE | |||
r-oldrel-windows-ix86+x86_64 | 0.1.1 | 5.00 | 39.00 | 44.00 | NOTE |
Version: 0.1.1
Check: LazyData
Result: NOTE
'LazyData' is specified without a 'data' directory
Flavors: r-devel-linux-x86_64-debian-clang, r-devel-linux-x86_64-debian-gcc, r-devel-linux-x86_64-fedora-clang, r-devel-linux-x86_64-fedora-gcc, r-devel-windows-x86_64, r-patched-linux-x86_64, r-release-linux-x86_64, r-release-macos-arm64, r-release-macos-x86_64, r-release-windows-x86_64, r-oldrel-macos-arm64, r-oldrel-macos-x86_64, r-oldrel-windows-ix86+x86_64