CRAN Package Check Results for Package GRPtests

Last updated on 2021-03-02 16:49:20 CET.

Flavor Version Tinstall Tcheck Ttotal Status Flags
r-devel-linux-x86_64-debian-clang 0.1.1 OK
r-devel-linux-x86_64-debian-gcc 0.1.1 5.56 56.27 61.83 OK
r-devel-linux-x86_64-fedora-clang 0.1.1 105.40 NOTE
r-devel-linux-x86_64-fedora-gcc 0.1.1 94.67 NOTE
r-devel-windows-ix86+x86_64 0.1.1 18.00 90.00 108.00 OK
r-patched-linux-x86_64 0.1.1 7.68 68.37 76.05 OK
r-patched-solaris-x86 0.1.1 143.90 NOTE
r-release-linux-x86_64 0.1.1 7.32 69.25 76.57 OK
r-release-macos-x86_64 0.1.1 NOTE
r-release-windows-ix86+x86_64 0.1.1 18.00 97.00 115.00 OK
r-oldrel-macos-x86_64 0.1.1 NOTE
r-oldrel-windows-ix86+x86_64 0.1.1 10.00 88.00 98.00 OK

Check Details

Version: 0.1.1
Check: dependencies in R code
Result: NOTE
    Namespace in Imports field not imported from: ‘MASS’
     All declared Imports should be used.
Flavors: r-devel-linux-x86_64-fedora-clang, r-devel-linux-x86_64-fedora-gcc, r-patched-solaris-x86, r-release-macos-x86_64, r-oldrel-macos-x86_64