CRAN Package Check Results for Package GRTo

Last updated on 2024-04-25 00:02:10 CEST.

Flavor Version Tinstall Tcheck Ttotal Status Flags
r-devel-linux-x86_64-debian-clang 1.3 4.36 45.44 49.80 NOTE
r-devel-linux-x86_64-debian-gcc 1.3 2.72 32.71 35.43 NOTE
r-devel-linux-x86_64-fedora-clang 1.3 62.12 NOTE
r-devel-linux-x86_64-fedora-gcc 1.3 59.02 NOTE
r-devel-windows-x86_64 1.3 5.00 51.00 56.00 NOTE
r-patched-linux-x86_64 1.3 4.17 44.26 48.43 NOTE
r-release-linux-x86_64 1.3 4.28 44.48 48.76 NOTE
r-release-macos-arm64 1.3 19.00 NOTE
r-release-windows-x86_64 1.3 3.00 50.00 53.00 NOTE
r-oldrel-macos-arm64 1.3 20.00 OK
r-oldrel-macos-x86_64 1.3 32.00 NOTE
r-oldrel-windows-x86_64 1.3 4.00 55.00 59.00 NOTE

Check Details

Version: 1.3
Check: Rd files
Result: NOTE checkRd: (-1) fmddisc.Rd:23: Escaped LaTeX specials: \_ checkRd: (-1) schuster.Rd:46: Escaped LaTeX specials: \_ checkRd: (-1) schuster.Rd:54: Escaped LaTeX specials: \& Flavors: r-devel-linux-x86_64-debian-clang, r-devel-linux-x86_64-debian-gcc, r-devel-linux-x86_64-fedora-clang, r-devel-linux-x86_64-fedora-gcc, r-devel-windows-x86_64, r-patched-linux-x86_64, r-release-linux-x86_64, r-release-macos-arm64, r-release-windows-x86_64, r-oldrel-macos-x86_64, r-oldrel-windows-x86_64

Version: 1.3
Check: for non-standard things in the check directory
Result: NOTE Found the following files/directories: ‘FMD mag discontinuities_disc.png’ ‘FMD mag discontinuities_disc1.res’ ‘FMD mag discontinuities_disc2.res’ ‘IDYLLWILD_bvmed.png’ ‘IDYLLWILD_fig.png’ ‘Schuster's diagram_schu.png’ ‘hour.res’ Flavors: r-devel-linux-x86_64-debian-clang, r-devel-linux-x86_64-debian-gcc, r-devel-linux-x86_64-fedora-clang, r-devel-linux-x86_64-fedora-gcc, r-patched-linux-x86_64, r-release-linux-x86_64