CRAN Package Check Results for Package GRTo

Last updated on 2020-09-19 00:50:06 CEST.

Flavor Version Tinstall Tcheck Ttotal Status Flags
r-devel-linux-x86_64-debian-clang 1.3 3.76 40.57 44.33 NOTE
r-devel-linux-x86_64-debian-gcc 1.3 3.10 30.50 33.60 NOTE
r-devel-linux-x86_64-fedora-clang 1.3 62.53 NOTE
r-devel-linux-x86_64-fedora-gcc 1.3 56.81 NOTE
r-devel-windows-ix86+x86_64 1.3 7.00 47.00 54.00 OK
r-patched-linux-x86_64 1.3 3.20 40.24 43.44 NOTE
r-patched-solaris-x86 1.3 72.00 NOTE
r-release-linux-x86_64 1.3 3.76 40.94 44.70 NOTE
r-release-macos-x86_64 1.3 OK
r-release-windows-ix86+x86_64 1.3 7.00 46.00 53.00 OK
r-oldrel-macos-x86_64 1.3 OK
r-oldrel-windows-ix86+x86_64 1.3 6.00 45.00 51.00 OK

Check Details

Version: 1.3
Check: for non-standard things in the check directory
Result: NOTE
    Found the following files/directories:
     'FMD mag discontinuities_disc.png' 'FMD mag
     discontinuities_disc1.res' 'FMD mag discontinuities_disc2.res'
     'IDYLLWILD_bvmed.png' 'IDYLLWILD_fig.png' 'Schuster's
     diagram_schu.png' 'hour.res'
Flavors: r-devel-linux-x86_64-debian-clang, r-devel-linux-x86_64-debian-gcc, r-devel-linux-x86_64-fedora-clang, r-devel-linux-x86_64-fedora-gcc, r-patched-linux-x86_64, r-patched-solaris-x86, r-release-linux-x86_64