Last updated on 2023-10-04 11:03:26 CEST.
Flavor | Version | Tinstall | Tcheck | Ttotal | Status | Flags |
---|---|---|---|---|---|---|
r-devel-linux-x86_64-debian-clang | 1.03.2 | 3.93 | 32.05 | 35.98 | NOTE | |
r-devel-linux-x86_64-debian-gcc | 1.03.2 | 2.89 | 24.21 | 27.10 | NOTE | |
r-devel-linux-x86_64-fedora-clang | 1.03.2 | 44.15 | NOTE | |||
r-devel-linux-x86_64-fedora-gcc | 1.03.2 | 44.70 | NOTE | |||
r-devel-windows-x86_64 | 1.03.2 | 3.00 | 46.00 | 49.00 | NOTE | |
r-patched-linux-x86_64 | 1.03.2 | 4.03 | 31.21 | 35.24 | OK | |
r-release-linux-x86_64 | 1.03.2 | 3.79 | 30.94 | 34.73 | OK | |
r-release-macos-arm64 | 1.03.2 | 19.00 | OK | |||
r-release-macos-x86_64 | 1.03.2 | 26.00 | OK | |||
r-release-windows-x86_64 | 1.03.2 | 4.00 | 54.00 | 58.00 | OK | |
r-oldrel-macos-arm64 | 1.03.2 | 17.00 | OK | |||
r-oldrel-macos-x86_64 | 1.03.2 | 25.00 | OK | |||
r-oldrel-windows-x86_64 | 1.03.2 | 7.00 | 54.00 | 61.00 | OK |
Version: 1.03.2
Check: Rd \usage sections
Result: NOTE
Objects in \usage without \alias in documentation object 'GSA-internal':
‘est.s0’
Functions with \usage entries need to have the appropriate \alias
entries, and all their arguments documented.
The \usage entries must correspond to syntactically valid R code.
See chapter ‘Writing R documentation files’ in the ‘Writing R
Extensions’ manual.
Flavors: r-devel-linux-x86_64-debian-clang, r-devel-linux-x86_64-debian-gcc, r-devel-linux-x86_64-fedora-clang, r-devel-linux-x86_64-fedora-gcc, r-devel-windows-x86_64