CRAN Package Check Results for Package GSE

Last updated on 2020-09-27 10:48:51 CEST.

Flavor Version Tinstall Tcheck Ttotal Status Flags
r-devel-linux-x86_64-debian-clang 4.2 89.54 69.78 159.32 OK
r-devel-linux-x86_64-debian-gcc 4.2 71.97 53.44 125.41 OK
r-devel-linux-x86_64-fedora-clang 4.2 233.82 NOTE
r-devel-linux-x86_64-fedora-gcc 4.2 246.29 OK
r-devel-windows-ix86+x86_64 4.2 211.00 136.00 347.00 OK
r-patched-linux-x86_64 4.2 75.03 65.22 140.25 OK
r-patched-solaris-x86 4.2 207.10 OK
r-release-linux-x86_64 4.2 74.75 64.84 139.59 OK
r-release-macos-x86_64 4.2 OK
r-release-windows-ix86+x86_64 4.2 212.00 138.00 350.00 OK
r-oldrel-macos-x86_64 4.2 OK
r-oldrel-windows-ix86+x86_64 4.2 186.00 128.00 314.00 OK

Check Details

Version: 4.2
Check: installed package size
Result: NOTE
     installed size is 6.5Mb
     sub-directories of 1Mb or more:
     libs 5.9Mb
Flavor: r-devel-linux-x86_64-fedora-clang