Last updated on 2025-01-25 07:50:28 CET.
Flavor | Version | Tinstall | Tcheck | Ttotal | Status | Flags |
---|---|---|---|---|---|---|
r-devel-linux-x86_64-debian-clang | 0.99.3 | 53.83 | 426.02 | 479.85 | OK | |
r-devel-linux-x86_64-debian-gcc | 0.99.3 | 38.70 | 315.51 | 354.21 | OK | |
r-devel-linux-x86_64-fedora-clang | 0.99.3 | 838.23 | OK | |||
r-devel-linux-x86_64-fedora-gcc | 0.99.3 | 893.81 | OK | |||
r-devel-windows-x86_64 | 0.99.3 | 3.00 | 5.00 | 8.00 | ERROR | |
r-patched-linux-x86_64 | 0.99.3 | 51.17 | 399.09 | 450.26 | OK | |
r-release-linux-x86_64 | 0.99.3 | 45.41 | 397.06 | 442.47 | OK | |
r-release-macos-arm64 | 0.99.3 | 194.00 | OK | |||
r-release-macos-x86_64 | 0.99.3 | 375.00 | OK | |||
r-release-windows-x86_64 | 0.99.3 | 3.00 | 5.00 | 8.00 | ERROR |
Version: 0.99.3
Check: whether package can be installed
Result: ERROR
Installation failed.
Flavors: r-devel-windows-x86_64, r-release-windows-x86_64