Last updated on 2023-12-03 00:56:44 CET.
Flavor | Version | Tinstall | Tcheck | Ttotal | Status | Flags |
---|---|---|---|---|---|---|
r-devel-linux-x86_64-debian-clang | 0.1.3 | 22.25 | 266.80 | 289.05 | NOTE | |
r-devel-linux-x86_64-debian-gcc | 0.1.3 | 18.14 | 205.57 | 223.71 | NOTE | |
r-devel-linux-x86_64-fedora-clang | 0.1.3 | 356.36 | NOTE | |||
r-devel-linux-x86_64-fedora-gcc | 0.1.3 | 357.70 | NOTE | |||
r-devel-windows-x86_64 | 0.1.3 | 19.00 | 202.00 | 221.00 | OK | |
r-patched-linux-x86_64 | 0.1.3 | 16.95 | 264.15 | 281.10 | OK | |
r-release-linux-x86_64 | 0.1.3 | 13.86 | 260.36 | 274.22 | OK | |
r-release-macos-arm64 | 0.1.3 | 106.00 | NOTE | |||
r-release-macos-x86_64 | 0.1.3 | 253.00 | NOTE | |||
r-release-windows-x86_64 | 0.1.3 | 24.00 | 264.00 | 288.00 | NOTE | |
r-oldrel-macos-arm64 | 0.1.3 | 100.00 | NOTE | |||
r-oldrel-macos-x86_64 | 0.1.3 | 137.00 | NOTE | |||
r-oldrel-windows-x86_64 | 0.1.3 | 27.00 | 270.00 | 297.00 | OK |
Version: 0.1.3
Check: Rd files
Result: NOTE
checkRd: (-1) geneSelection.Rd:71: Lost braces; missing escapes or markup?
71 | performs the vector magnitude in the [L_{p}] norm (as well as k powers
| ^
checkRd: (-1) lp_norm_k_powers_surv.Rd:35: Lost braces; missing escapes or markup?
35 | the vector magnitude in the [L_{p}] norm (as well
| ^
Flavors: r-devel-linux-x86_64-debian-clang, r-devel-linux-x86_64-debian-gcc
Version: 0.1.3
Check: installed package size
Result: NOTE
installed size is 5.0Mb
sub-directories of 1Mb or more:
data 3.4Mb
doc 1.3Mb
Flavors: r-devel-linux-x86_64-fedora-clang, r-release-macos-arm64, r-release-macos-x86_64, r-release-windows-x86_64, r-oldrel-macos-arm64, r-oldrel-macos-x86_64
Version: 0.1.3
Check: dependencies in R code
Result: NOTE
Namespace in Imports field not imported from: ‘devtools’
All declared Imports should be used.
Flavors: r-devel-linux-x86_64-fedora-clang, r-devel-linux-x86_64-fedora-gcc